Last updated on 2024-08-07 00:49:26 CEST.
Flavor | Version | Tinstall | Tcheck | Ttotal | Status | Flags |
---|---|---|---|---|---|---|
r-devel-linux-x86_64-debian-clang | 1.0.2 | 22.08 | 93.30 | 115.38 | OK | |
r-devel-linux-x86_64-debian-gcc | 1.0.2 | 14.93 | 66.05 | 80.98 | OK | |
r-devel-linux-x86_64-fedora-clang | 1.0.2 | 205.88 | NOTE | |||
r-devel-linux-x86_64-fedora-gcc | 1.0.2 | 234.30 | OK | |||
r-devel-windows-x86_64 | 1.0.2 | 40.00 | 142.00 | 182.00 | OK | |
r-patched-linux-x86_64 | 1.0.2 | 20.09 | 87.37 | 107.46 | OK | |
r-release-linux-x86_64 | 1.0.2 | 18.46 | 89.32 | 107.78 | OK | |
r-release-macos-arm64 | 1.0.2 | 96.00 | OK | |||
r-release-macos-x86_64 | 1.0.2 | 139.00 | OK | |||
r-release-windows-x86_64 | 1.0.2 | 41.00 | 144.00 | 185.00 | OK | |
r-oldrel-macos-arm64 | 1.0.2 | 79.00 | OK | |||
r-oldrel-macos-x86_64 | 1.0.2 | 172.00 | OK | |||
r-oldrel-windows-x86_64 | 1.0.2 | 46.00 | 168.00 | 214.00 | OK |
Version: 1.0.2
Check: Rd cross-references
Result: NOTE
Undeclared package ‘extraDistr’ in Rd xrefs
Flavor: r-devel-linux-x86_64-fedora-clang