Last updated on 2024-08-07 00:49:26 CEST.
Flavor | Version | Tinstall | Tcheck | Ttotal | Status | Flags |
---|---|---|---|---|---|---|
r-devel-linux-x86_64-debian-clang | 1.3.0 | 561.96 | 89.35 | 651.31 | OK | |
r-devel-linux-x86_64-debian-gcc | 1.3.0 | 458.68 | 94.18 | 552.86 | OK | |
r-devel-linux-x86_64-fedora-clang | 1.3.0 | 987.54 | NOTE | |||
r-devel-linux-x86_64-fedora-gcc | 1.3.0 | 1593.56 | NOTE | |||
r-devel-windows-x86_64 | 1.3.0 | 520.00 | 169.00 | 689.00 | NOTE | |
r-patched-linux-x86_64 | 1.3.0 | 585.95 | 126.96 | 712.91 | OK | |
r-release-linux-x86_64 | 1.3.0 | 587.25 | 127.69 | 714.94 | OK | |
r-release-macos-arm64 | 1.3.0 | 296.00 | NOTE | |||
r-release-macos-x86_64 | 1.3.0 | 216.00 | NOTE | |||
r-release-windows-x86_64 | 1.3.0 | 539.00 | 165.00 | 704.00 | NOTE | |
r-oldrel-macos-arm64 | 1.3.0 | 291.00 | NOTE | |||
r-oldrel-macos-x86_64 | 1.3.0 | 290.00 | NOTE | |||
r-oldrel-windows-x86_64 | 1.3.0 | 702.00 | 204.00 | 906.00 | NOTE |
Version: 1.3.0
Check: installed package size
Result: NOTE
installed size is 7.5Mb
sub-directories of 1Mb or more:
libs 6.7Mb
Flavors: r-devel-linux-x86_64-fedora-clang, r-devel-windows-x86_64, r-release-macos-arm64, r-release-macos-x86_64, r-release-windows-x86_64, r-oldrel-macos-arm64, r-oldrel-macos-x86_64, r-oldrel-windows-x86_64
Version: 1.3.0
Check: Rd cross-references
Result: NOTE
Undeclared package ‘extraDistr’ in Rd xrefs
Flavor: r-devel-linux-x86_64-fedora-clang
Version: 1.3.0
Check: for GNU extensions in Makefiles
Result: NOTE
GNU make is a SystemRequirements.
Flavors: r-devel-linux-x86_64-fedora-clang, r-devel-linux-x86_64-fedora-gcc, r-release-macos-arm64, r-release-macos-x86_64, r-oldrel-macos-arm64, r-oldrel-macos-x86_64