Last updated on 2024-08-16 00:48:30 CEST.
Flavor | Version | Tinstall | Tcheck | Ttotal | Status | Flags |
---|---|---|---|---|---|---|
r-devel-linux-x86_64-debian-clang | 1.2.1 | 14.22 | 27.49 | 41.71 | OK | |
r-devel-linux-x86_64-debian-gcc | 1.2.1 | 10.39 | 21.49 | 31.88 | OK | |
r-devel-linux-x86_64-fedora-clang | 1.2.1 | 67.52 | NOTE | |||
r-devel-linux-x86_64-fedora-gcc | 1.2.1 | 69.78 | OK | |||
r-devel-windows-x86_64 | 1.2.1 | 22.00 | 53.00 | 75.00 | NOTE | |
r-patched-linux-x86_64 | 1.2.1 | 13.19 | 26.37 | 39.56 | OK | |
r-release-linux-x86_64 | 1.2.1 | 13.44 | 26.67 | 40.11 | OK | |
r-release-macos-arm64 | 1.2.1 | 29.00 | NOTE | |||
r-release-macos-x86_64 | 1.2.1 | 53.00 | NOTE | |||
r-release-windows-x86_64 | 1.2.1 | 22.00 | 53.00 | 75.00 | NOTE | |
r-oldrel-macos-arm64 | 1.2.1 | 36.00 | NOTE | |||
r-oldrel-macos-x86_64 | 1.2.1 | 77.00 | NOTE | |||
r-oldrel-windows-x86_64 | 1.2.1 | 29.00 | 49.00 | 78.00 | NOTE |
Version: 1.2.1
Check: installed package size
Result: NOTE
installed size is 11.4Mb
sub-directories of 1Mb or more:
R 11.2Mb
Flavors: r-devel-linux-x86_64-fedora-clang, r-devel-windows-x86_64, r-release-macos-arm64, r-release-macos-x86_64, r-release-windows-x86_64, r-oldrel-macos-arm64, r-oldrel-macos-x86_64, r-oldrel-windows-x86_64