Last updated on 2024-08-07 00:49:26 CEST.
Flavor | Version | Tinstall | Tcheck | Ttotal | Status | Flags |
---|---|---|---|---|---|---|
r-devel-linux-x86_64-debian-clang | 1.0.8 | 12.27 | 66.26 | 78.53 | NOTE | |
r-devel-linux-x86_64-debian-gcc | 1.0.8 | 8.63 | 44.19 | 52.82 | NOTE | |
r-devel-linux-x86_64-fedora-clang | 1.0.8 | 129.77 | OK | |||
r-devel-linux-x86_64-fedora-gcc | 1.0.8 | 144.82 | OK | |||
r-devel-windows-x86_64 | 1.0.8 | 17.00 | 96.00 | 113.00 | NOTE | |
r-patched-linux-x86_64 | 1.0.8 | 16.89 | 62.78 | 79.67 | OK | |
r-release-linux-x86_64 | 1.0.8 | 11.85 | 62.60 | 74.45 | OK | |
r-release-macos-arm64 | 1.0.8 | 43.00 | OK | |||
r-release-macos-x86_64 | 1.0.8 | 62.00 | OK | |||
r-release-windows-x86_64 | 1.0.8 | 19.00 | 99.00 | 118.00 | OK | |
r-oldrel-macos-arm64 | 1.0.8 | 46.00 | OK | |||
r-oldrel-macos-x86_64 | 1.0.8 | 112.00 | OK | |||
r-oldrel-windows-x86_64 | 1.0.8 | 21.00 | 104.00 | 125.00 | OK |
Version: 1.0.8
Check: Rd cross-references
Result: NOTE
Found the following Rd file(s) with Rd \link{} targets missing package
anchors:
MMPY.Rd: lmrob
SMPY.Rd: splitFrame, lmrob
drop1.lmrobdetMM.Rd: lmrob
lmrobdet.control.Rd: pyinit
rho.Rd: Mpsi
rhoprime.Rd: Mpsi
rhoprime2.Rd: Mpsi
Please provide package anchors for all Rd \link{} targets not in the
package itself and the base packages.
Flavors: r-devel-linux-x86_64-debian-clang, r-devel-linux-x86_64-debian-gcc, r-devel-windows-x86_64