Last updated on 2024-08-07 00:49:26 CEST.
Flavor | Version | Tinstall | Tcheck | Ttotal | Status | Flags |
---|---|---|---|---|---|---|
r-devel-linux-x86_64-debian-clang | 0.3.10 | 49.08 | 112.37 | 161.45 | OK | |
r-devel-linux-x86_64-debian-gcc | 0.3.10 | 34.41 | 76.25 | 110.66 | OK | |
r-devel-linux-x86_64-fedora-clang | 0.3.10 | 267.54 | OK | |||
r-devel-linux-x86_64-fedora-gcc | 0.3.10 | 283.65 | OK | |||
r-devel-windows-x86_64 | 0.3.10 | 52.00 | 133.00 | 185.00 | OK | |
r-patched-linux-x86_64 | 0.3.10 | 49.61 | 106.86 | 156.47 | OK | |
r-release-linux-x86_64 | 0.3.10 | 48.88 | 107.07 | 155.95 | OK | |
r-release-macos-arm64 | 0.3.10 | 62.00 | NOTE | |||
r-release-macos-x86_64 | 0.3.10 | 113.00 | NOTE | |||
r-release-windows-x86_64 | 0.3.10 | 51.00 | 132.00 | 183.00 | OK | |
r-oldrel-macos-arm64 | 0.3.10 | 82.00 | NOTE | |||
r-oldrel-macos-x86_64 | 0.3.10 | 186.00 | NOTE | |||
r-oldrel-windows-x86_64 | 0.3.10 | 69.00 | 163.00 | 232.00 | OK |
Version: 0.3.10
Check: installed package size
Result: NOTE
installed size is 5.5Mb
sub-directories of 1Mb or more:
libs 5.3Mb
Flavors: r-release-macos-arm64, r-release-macos-x86_64, r-oldrel-macos-arm64, r-oldrel-macos-x86_64