Last updated on 2024-08-07 00:49:27 CEST.
Flavor | Version | Tinstall | Tcheck | Ttotal | Status | Flags |
---|---|---|---|---|---|---|
r-devel-linux-x86_64-debian-clang | 0.2.7 | 4.17 | 33.36 | 37.53 | OK | |
r-devel-linux-x86_64-debian-gcc | 0.2.7 | 3.21 | 25.27 | 28.48 | OK | |
r-devel-linux-x86_64-fedora-clang | 0.2.7 | 61.56 | NOTE | |||
r-devel-linux-x86_64-fedora-gcc | 0.2.7 | 60.05 | NOTE | |||
r-devel-windows-x86_64 | 0.2.7 | 6.00 | 52.00 | 58.00 | OK | |
r-patched-linux-x86_64 | 0.2.7 | 4.01 | 32.09 | 36.10 | OK | |
r-release-linux-x86_64 | 0.2.7 | 3.60 | 32.02 | 35.62 | OK | |
r-release-macos-arm64 | 0.2.7 | 21.00 | OK | |||
r-release-macos-x86_64 | 0.2.7 | 32.00 | OK | |||
r-release-windows-x86_64 | 0.2.7 | 6.00 | 52.00 | 58.00 | OK | |
r-oldrel-macos-arm64 | 0.2.7 | 21.00 | OK | |||
r-oldrel-macos-x86_64 | 0.2.7 | 31.00 | OK | |||
r-oldrel-windows-x86_64 | 0.2.7 | 7.00 | 57.00 | 64.00 | OK |
Version: 0.2.7
Check: dependencies in R code
Result: NOTE
Namespaces in Imports field not imported from:
‘httr’ ‘logger’
All declared Imports should be used.
Flavors: r-devel-linux-x86_64-fedora-clang, r-devel-linux-x86_64-fedora-gcc