Last updated on 2024-08-07 00:49:27 CEST.
Flavor | Version | Tinstall | Tcheck | Ttotal | Status | Flags |
---|---|---|---|---|---|---|
r-devel-linux-x86_64-debian-clang | 1.6.4 | 219.44 | 173.64 | 393.08 | NOTE | |
r-devel-linux-x86_64-debian-gcc | 1.6.4 | 170.12 | 116.26 | 286.38 | NOTE | |
r-devel-linux-x86_64-fedora-clang | 1.6.4 | 557.34 | OK | |||
r-devel-linux-x86_64-fedora-gcc | 1.6.4 | 726.58 | OK | |||
r-devel-windows-x86_64 | 1.6.4 | 201.00 | 197.00 | 398.00 | NOTE | |
r-patched-linux-x86_64 | 1.6.4 | 243.86 | 166.19 | 410.05 | OK | |
r-release-linux-x86_64 | 1.6.4 | 238.54 | 168.75 | 407.29 | OK | |
r-release-macos-arm64 | 1.6.4 | 130.00 | NOTE | |||
r-release-macos-x86_64 | 1.6.4 | 197.00 | NOTE | |||
r-release-windows-x86_64 | 1.6.4 | 212.00 | 196.00 | 408.00 | NOTE | |
r-oldrel-macos-arm64 | 1.6.4 | 143.00 | NOTE | |||
r-oldrel-macos-x86_64 | 1.6.4 | 359.00 | NOTE | |||
r-oldrel-windows-x86_64 | 1.6.4 | 273.00 | 252.00 | 525.00 | NOTE |
Version: 1.6.4
Check: Rd cross-references
Result: NOTE
Found the following Rd file(s) with Rd \link{} targets missing package
anchors:
DD_TMB.Rd: Data-class
HCR_MSY.Rd: Rec-class
HCR_escapement.Rd: Rec-class
HCR_fixedF.Rd: Rec-class
HCR_ramp.Rd: Rec-class
HCR_segment.Rd: Rec-class
Model-based-MP.Rd: Rec-class
RCM.Rd: OM-class, Data-class
RCM2MOM.Rd: MOM-class
RCModel-class.Rd: OM-class
cDD.Rd: Data-class
pcod.Rd: OM-class
retrospective_AM.Rd: MSE-class
swordfish.Rd: Data-class
Please provide package anchors for all Rd \link{} targets not in the
package itself and the base packages.
Flavors: r-devel-linux-x86_64-debian-clang, r-devel-linux-x86_64-debian-gcc, r-devel-windows-x86_64
Version: 1.6.4
Check: installed package size
Result: NOTE
installed size is 15.3Mb
sub-directories of 1Mb or more:
R 1.3Mb
libs 13.4Mb
Flavors: r-devel-windows-x86_64, r-release-macos-arm64, r-release-macos-x86_64, r-release-windows-x86_64, r-oldrel-macos-arm64, r-oldrel-macos-x86_64, r-oldrel-windows-x86_64