Last updated on 2024-08-07 00:49:27 CEST.
Flavor | Version | Tinstall | Tcheck | Ttotal | Status | Flags |
---|---|---|---|---|---|---|
r-devel-linux-x86_64-debian-clang | 1.1.1 | 6.94 | 96.43 | 103.37 | NOTE | |
r-devel-linux-x86_64-debian-gcc | 1.1.1 | 4.49 | 65.69 | 70.18 | NOTE | |
r-devel-linux-x86_64-fedora-clang | 1.1.1 | 172.80 | NOTE | |||
r-devel-linux-x86_64-fedora-gcc | 1.1.1 | 183.82 | NOTE | |||
r-devel-windows-x86_64 | 1.1.1 | 9.00 | 117.00 | 126.00 | NOTE | |
r-patched-linux-x86_64 | 1.1.1 | 7.48 | 93.23 | 100.71 | NOTE | |
r-release-linux-x86_64 | 1.1.1 | 6.43 | 92.97 | 99.40 | NOTE | |
r-release-macos-arm64 | 1.1.1 | 58.00 | NOTE | |||
r-release-macos-x86_64 | 1.1.1 | 85.00 | NOTE | |||
r-release-windows-x86_64 | 1.1.1 | 8.00 | 116.00 | 124.00 | NOTE | |
r-oldrel-macos-arm64 | 1.1.1 | 58.00 | NOTE | |||
r-oldrel-macos-x86_64 | 1.1.1 | 97.00 | NOTE | |||
r-oldrel-windows-x86_64 | 1.1.1 | 12.00 | 141.00 | 153.00 | NOTE |
Version: 1.1.1
Check: package subdirectories
Result: NOTE
Problems with news in ‘NEWS.md’:
Cannot extract version info from the following section titles:
Updated help pages with examples
Updated conjugate model sampler
Flavors: r-devel-linux-x86_64-debian-clang, r-devel-linux-x86_64-debian-gcc, r-devel-linux-x86_64-fedora-clang, r-devel-linux-x86_64-fedora-gcc, r-devel-windows-x86_64, r-patched-linux-x86_64, r-release-linux-x86_64, r-release-macos-arm64, r-release-macos-x86_64, r-release-windows-x86_64, r-oldrel-macos-arm64, r-oldrel-macos-x86_64, r-oldrel-windows-x86_64