Last updated on 2024-08-08 08:49:28 CEST.
Flavor | Version | Tinstall | Tcheck | Ttotal | Status | Flags |
---|---|---|---|---|---|---|
r-devel-linux-x86_64-debian-clang | 2.0.1 | 280.35 | 681.90 | 962.25 | OK | |
r-devel-linux-x86_64-debian-gcc | 2.0.1 | 151.39 | 377.23 | 528.62 | OK | |
r-devel-linux-x86_64-fedora-clang | 2.0.1 | 1539.82 | NOTE | |||
r-devel-linux-x86_64-fedora-gcc | 2.0.1 | 1537.53 | OK | |||
r-devel-windows-x86_64 | 2.0.1 | 216.00 | 427.00 | 643.00 | NOTE | |
r-patched-linux-x86_64 | 2.0.1 | 246.75 | 629.35 | 876.10 | OK | |
r-release-linux-x86_64 | 2.0.1 | 239.87 | 638.19 | 878.06 | OK | |
r-release-macos-arm64 | 2.0.1 | 254.00 | NOTE | |||
r-release-macos-x86_64 | 2.0.1 | 478.00 | NOTE | |||
r-release-windows-x86_64 | 2.0.1 | 213.00 | 427.00 | 640.00 | NOTE | |
r-oldrel-macos-arm64 | 2.0.1 | 283.00 | NOTE | |||
r-oldrel-macos-x86_64 | 2.0.1 | 574.00 | NOTE | |||
r-oldrel-windows-x86_64 | 2.0.1 | 295.00 | 606.00 | 901.00 | NOTE |
Version: 2.0.1
Check: installed package size
Result: NOTE
installed size is 8.5Mb
sub-directories of 1Mb or more:
R 7.8Mb
Flavors: r-devel-linux-x86_64-fedora-clang, r-devel-windows-x86_64, r-release-macos-arm64, r-release-macos-x86_64, r-release-windows-x86_64, r-oldrel-macos-arm64, r-oldrel-macos-x86_64, r-oldrel-windows-x86_64