Last updated on 2024-08-07 00:49:28 CEST.
Flavor | Version | Tinstall | Tcheck | Ttotal | Status | Flags |
---|---|---|---|---|---|---|
r-devel-linux-x86_64-debian-clang | 0.1.5 | 47.78 | 429.49 | 477.27 | OK | |
r-devel-linux-x86_64-debian-gcc | 0.1.5 | 32.65 | 322.36 | 355.01 | OK | |
r-devel-linux-x86_64-fedora-clang | 0.1.5 | 776.54 | OK | |||
r-devel-linux-x86_64-fedora-gcc | 0.1.5 | 842.98 | OK | |||
r-devel-windows-x86_64 | 0.1.5 | 51.00 | 367.00 | 418.00 | OK | |
r-patched-linux-x86_64 | 0.1.5 | 46.00 | 407.50 | 453.50 | OK | |
r-release-linux-x86_64 | 0.1.5 | 49.48 | 408.46 | 457.94 | OK | |
r-release-macos-arm64 | 0.1.5 | 214.00 | OK | |||
r-release-macos-x86_64 | 0.1.5 | 311.00 | OK | |||
r-release-windows-x86_64 | 0.1.5 | 52.00 | 357.00 | 409.00 | OK | |
r-oldrel-macos-arm64 | 0.1.5 | 10.00 | ERROR | |||
r-oldrel-macos-x86_64 | 0.1.5 | 12.00 | ERROR | |||
r-oldrel-windows-x86_64 | 0.1.5 | 69.00 | 512.00 | 581.00 | OK |
Version: 0.1.5
Check: package dependencies
Result: ERROR
Package required but not available: ‘GSVA’
See section ‘The DESCRIPTION file’ in the ‘Writing R Extensions’
manual.
Flavors: r-oldrel-macos-arm64, r-oldrel-macos-x86_64