Last updated on 2024-08-07 00:49:28 CEST.
Flavor | Version | Tinstall | Tcheck | Ttotal | Status | Flags |
---|---|---|---|---|---|---|
r-devel-linux-x86_64-debian-clang | 1.2.4 | 22.66 | 168.30 | 190.96 | OK | |
r-devel-linux-x86_64-debian-gcc | 1.2.4 | 15.65 | 113.96 | 129.61 | OK | |
r-devel-linux-x86_64-fedora-clang | 1.2.4 | 327.97 | NOTE | |||
r-devel-linux-x86_64-fedora-gcc | 1.2.4 | 312.88 | OK | |||
r-devel-windows-x86_64 | 1.2.4 | 25.00 | 156.00 | 181.00 | OK | |
r-patched-linux-x86_64 | 1.2.4 | 21.35 | 160.28 | 181.63 | OK | |
r-release-linux-x86_64 | 1.2.4 | 21.54 | 160.65 | 182.19 | OK | |
r-release-macos-arm64 | 1.2.4 | 82.00 | OK | |||
r-release-macos-x86_64 | 1.2.4 | 178.00 | OK | |||
r-release-windows-x86_64 | 1.2.4 | 24.00 | 159.00 | 183.00 | OK | |
r-oldrel-macos-arm64 | 1.2.4 | 99.00 | OK | |||
r-oldrel-macos-x86_64 | 1.2.4 | 172.00 | OK | |||
r-oldrel-windows-x86_64 | 1.2.4 | 32.00 | 202.00 | 234.00 | OK |
Version: 1.2.4
Check: package dependencies
Result: NOTE
Imports includes 32 non-default packages.
Importing from so many packages makes the package vulnerable to any of
them becoming unavailable. Move as many as possible to Suggests and
use conditionally.
Flavor: r-devel-linux-x86_64-fedora-clang