Last updated on 2024-08-07 00:49:28 CEST.
Flavor | Version | Tinstall | Tcheck | Ttotal | Status | Flags |
---|---|---|---|---|---|---|
r-devel-linux-x86_64-debian-clang | 1.2 | 23.60 | 22.93 | 46.53 | NOTE | |
r-devel-linux-x86_64-debian-gcc | 1.2 | 16.58 | 18.07 | 34.65 | NOTE | |
r-devel-linux-x86_64-fedora-clang | 1.2 | 86.93 | NOTE | |||
r-devel-linux-x86_64-fedora-gcc | 1.2 | 88.69 | NOTE | |||
r-devel-windows-x86_64 | 1.2 | 26.00 | 64.00 | 90.00 | NOTE | |
r-patched-linux-x86_64 | 1.2 | 18.99 | 21.90 | 40.89 | NOTE | |
r-release-linux-x86_64 | 1.2 | 20.81 | 22.06 | 42.87 | NOTE | |
r-release-macos-arm64 | 1.2 | 25.00 | NOTE | |||
r-release-macos-x86_64 | 1.2 | 34.00 | NOTE | |||
r-release-windows-x86_64 | 1.2 | 25.00 | 59.00 | 84.00 | NOTE | |
r-oldrel-macos-arm64 | 1.2 | 27.00 | NOTE | |||
r-oldrel-macos-x86_64 | 1.2 | 43.00 | NOTE | |||
r-oldrel-windows-x86_64 | 1.2 | 31.00 | 69.00 | 100.00 | NOTE |
Version: 1.2
Check: C++ specification
Result: NOTE
Specified C++11: please drop specification unless essential
Flavors: r-devel-linux-x86_64-debian-clang, r-devel-linux-x86_64-debian-gcc, r-devel-linux-x86_64-fedora-clang, r-devel-linux-x86_64-fedora-gcc, r-devel-windows-x86_64, r-patched-linux-x86_64, r-release-linux-x86_64, r-release-macos-arm64, r-release-macos-x86_64, r-release-windows-x86_64, r-oldrel-macos-arm64, r-oldrel-macos-x86_64, r-oldrel-windows-x86_64