Last updated on 2024-08-07 00:49:29 CEST.
Flavor | Version | Tinstall | Tcheck | Ttotal | Status | Flags |
---|---|---|---|---|---|---|
r-devel-linux-x86_64-debian-clang | 0.1.8 | 11.61 | 36.46 | 48.07 | NOTE | |
r-devel-linux-x86_64-debian-gcc | 0.1.8 | 7.71 | 27.62 | 35.33 | NOTE | |
r-devel-linux-x86_64-fedora-clang | 0.1.8 | 85.21 | NOTE | |||
r-devel-linux-x86_64-fedora-gcc | 0.1.8 | 87.41 | NOTE | |||
r-devel-windows-x86_64 | 0.1.8 | 16.00 | 77.00 | 93.00 | NOTE | |
r-patched-linux-x86_64 | 0.1.8 | 10.95 | 34.58 | 45.53 | NOTE | |
r-release-linux-x86_64 | 0.1.8 | 10.96 | 34.74 | 45.70 | NOTE | |
r-release-macos-arm64 | 0.1.8 | 27.00 | NOTE | |||
r-release-macos-x86_64 | 0.1.8 | 37.00 | NOTE | |||
r-release-windows-x86_64 | 0.1.8 | 15.00 | 79.00 | 94.00 | NOTE | |
r-oldrel-macos-arm64 | 0.1.8 | 28.00 | OK | |||
r-oldrel-macos-x86_64 | 0.1.8 | 62.00 | OK | |||
r-oldrel-windows-x86_64 | 0.1.8 | 17.00 | 93.00 | 110.00 | OK |
Version: 0.1.8
Check: Rd files
Result: NOTE
checkRd: (-1) predict.DNFOptim.Rd:28: Lost braces in \itemize; \value handles \item{}{} directly
checkRd: (-1) predict.DNFOptim.Rd:29: Lost braces in \itemize; \value handles \item{}{} directly
checkRd: (-1) predict.DNFOptim.Rd:30: Lost braces in \itemize; \value handles \item{}{} directly
checkRd: (-1) predict.DNFOptim.Rd:34: Lost braces in \itemize; \value handles \item{}{} directly
checkRd: (-1) predict.DNFOptim.Rd:35: Lost braces in \itemize; \value handles \item{}{} directly
checkRd: (-1) predict.DNFOptim.Rd:36: Lost braces in \itemize; \value handles \item{}{} directly
checkRd: (-1) summary.DNFOptim.Rd:29: Lost braces in \itemize; \value handles \item{}{} directly
checkRd: (-1) summary.DNFOptim.Rd:30: Lost braces in \itemize; \value handles \item{}{} directly
checkRd: (-1) summary.DNFOptim.Rd:31: Lost braces in \itemize; \value handles \item{}{} directly
checkRd: (-1) summary.DNFOptim.Rd:32: Lost braces in \itemize; \value handles \item{}{} directly
Flavors: r-devel-linux-x86_64-debian-clang, r-devel-linux-x86_64-debian-gcc, r-devel-linux-x86_64-fedora-clang, r-devel-linux-x86_64-fedora-gcc, r-devel-windows-x86_64, r-patched-linux-x86_64, r-release-linux-x86_64, r-release-macos-arm64, r-release-macos-x86_64, r-release-windows-x86_64