Last updated on 2024-08-07 00:49:27 CEST.
Flavor | Version | Tinstall | Tcheck | Ttotal | Status | Flags |
---|---|---|---|---|---|---|
r-devel-linux-x86_64-debian-clang | 1.3-2 | 11.17 | 81.57 | 92.74 | NOTE | |
r-devel-linux-x86_64-debian-gcc | 1.3-2 | 8.07 | 58.53 | 66.60 | NOTE | |
r-devel-linux-x86_64-fedora-clang | 1.3-2 | 149.30 | OK | |||
r-devel-linux-x86_64-fedora-gcc | 1.3-2 | 149.83 | OK | |||
r-devel-windows-x86_64 | 1.3-2 | 12.00 | 91.00 | 103.00 | NOTE | |
r-patched-linux-x86_64 | 1.3-2 | 18.23 | 77.65 | 95.88 | OK | |
r-release-linux-x86_64 | 1.3-2 | 10.02 | 78.87 | 88.89 | OK | |
r-release-macos-arm64 | 1.3-2 | 39.00 | OK | |||
r-release-macos-x86_64 | 1.3-2 | 61.00 | OK | |||
r-release-windows-x86_64 | 1.3-2 | 11.00 | 90.00 | 101.00 | OK | |
r-oldrel-macos-arm64 | 1.3-2 | 46.00 | OK | |||
r-oldrel-macos-x86_64 | 1.3-2 | 110.00 | OK | |||
r-oldrel-windows-x86_64 | 1.3-2 | 15.00 | 108.00 | 123.00 | OK |
Version: 1.3-2
Check: Rd cross-references
Result: NOTE
Found the following Rd file(s) with Rd \link{} targets missing package
anchors:
xtable.SK.Rd: xtable
Please provide package anchors for all Rd \link{} targets not in the
package itself and the base packages.
Flavors: r-devel-linux-x86_64-debian-clang, r-devel-linux-x86_64-debian-gcc, r-devel-windows-x86_64