Last updated on 2024-08-07 00:49:28 CEST.
Flavor | Version | Tinstall | Tcheck | Ttotal | Status | Flags |
---|---|---|---|---|---|---|
r-devel-linux-x86_64-debian-clang | 0.3.12 | 53.92 | 36.15 | 90.07 | NOTE | |
r-devel-linux-x86_64-debian-gcc | 0.3.12 | 35.68 | 29.98 | 65.66 | NOTE | |
r-devel-linux-x86_64-fedora-clang | 0.3.12 | 161.32 | NOTE | |||
r-devel-linux-x86_64-fedora-gcc | 0.3.12 | 188.38 | NOTE | |||
r-devel-windows-x86_64 | 0.3.12 | 54.00 | 78.00 | 132.00 | NOTE | |
r-patched-linux-x86_64 | 0.3.12 | 51.48 | 34.52 | 86.00 | NOTE | |
r-release-linux-x86_64 | 0.3.12 | 50.91 | 34.84 | 85.75 | NOTE | |
r-release-macos-arm64 | 0.3.12 | 47.00 | NOTE | |||
r-release-macos-x86_64 | 0.3.12 | 74.00 | NOTE | |||
r-release-windows-x86_64 | 0.3.12 | 54.00 | 76.00 | 130.00 | NOTE | |
r-oldrel-macos-arm64 | 0.3.12 | 62.00 | NOTE | |||
r-oldrel-macos-x86_64 | 0.3.12 | 128.00 | NOTE | |||
r-oldrel-windows-x86_64 | 0.3.12 | 64.00 | 82.00 | 146.00 | NOTE |
Version: 0.3.12
Check: for GNU extensions in Makefiles
Result: NOTE
GNU make is a SystemRequirements.
Flavors: r-devel-linux-x86_64-debian-clang, r-devel-linux-x86_64-debian-gcc, r-devel-linux-x86_64-fedora-clang, r-devel-linux-x86_64-fedora-gcc, r-devel-windows-x86_64, r-patched-linux-x86_64, r-release-linux-x86_64, r-release-macos-arm64, r-release-macos-x86_64, r-release-windows-x86_64, r-oldrel-macos-arm64, r-oldrel-macos-x86_64, r-oldrel-windows-x86_64
Version: 0.3.12
Check: installed package size
Result: NOTE
installed size is 5.8Mb
sub-directories of 1Mb or more:
libs 5.5Mb
Flavors: r-release-macos-arm64, r-release-macos-x86_64, r-oldrel-macos-arm64, r-oldrel-macos-x86_64