Last updated on 2024-08-07 00:49:28 CEST.
Flavor | Version | Tinstall | Tcheck | Ttotal | Status | Flags |
---|---|---|---|---|---|---|
r-devel-linux-x86_64-debian-clang | 0.7.2 | 6.00 | 77.52 | 83.52 | NOTE | |
r-devel-linux-x86_64-debian-gcc | 0.7.2 | 3.50 | 56.59 | 60.09 | NOTE | |
r-devel-linux-x86_64-fedora-clang | 0.7.2 | 135.18 | NOTE | |||
r-devel-linux-x86_64-fedora-gcc | 0.7.2 | 139.72 | NOTE | |||
r-devel-windows-x86_64 | 0.7.2 | 8.00 | 101.00 | 109.00 | NOTE | |
r-patched-linux-x86_64 | 0.7.2 | 5.77 | 74.67 | 80.44 | NOTE | |
r-release-linux-x86_64 | 0.7.2 | 5.44 | 75.54 | 80.98 | NOTE | |
r-release-macos-arm64 | 0.7.2 | 48.00 | NOTE | |||
r-release-macos-x86_64 | 0.7.2 | 73.00 | NOTE | |||
r-release-windows-x86_64 | 0.7.2 | 9.00 | 101.00 | 110.00 | NOTE | |
r-oldrel-macos-arm64 | 0.7.2 | 54.00 | OK | |||
r-oldrel-macos-x86_64 | 0.7.2 | 95.00 | OK | |||
r-oldrel-windows-x86_64 | 0.7.2 | 10.00 | 117.00 | 127.00 | OK |
Version: 0.7.2
Check: Rd files
Result: NOTE
checkRd: (-1) NAP.Rd:109: Lost braces
109 | bounds for P{X<Y}, based on two independent samples. \emph{The Annals of
| ^
Flavors: r-devel-linux-x86_64-debian-clang, r-devel-linux-x86_64-debian-gcc, r-devel-linux-x86_64-fedora-clang, r-devel-linux-x86_64-fedora-gcc, r-devel-windows-x86_64, r-patched-linux-x86_64, r-release-linux-x86_64, r-release-macos-arm64, r-release-macos-x86_64, r-release-windows-x86_64