Last updated on 2024-08-07 00:49:28 CEST.
Flavor | Version | Tinstall | Tcheck | Ttotal | Status | Flags |
---|---|---|---|---|---|---|
r-devel-linux-x86_64-debian-clang | 0.1.3 | 43.23 | 209.01 | 252.24 | NOTE | |
r-devel-linux-x86_64-debian-gcc | 0.1.3 | 30.12 | 146.31 | 176.43 | NOTE | |
r-devel-linux-x86_64-fedora-clang | 0.1.3 | 424.70 | NOTE | |||
r-devel-linux-x86_64-fedora-gcc | 0.1.3 | 394.66 | NOTE | |||
r-devel-windows-x86_64 | 0.1.3 | 44.00 | 206.00 | 250.00 | NOTE | |
r-patched-linux-x86_64 | 0.1.3 | 42.25 | 201.16 | 243.41 | NOTE | |
r-release-linux-x86_64 | 0.1.3 | 40.66 | 204.47 | 245.13 | NOTE | |
r-release-macos-arm64 | 0.1.3 | 105.00 | NOTE | |||
r-release-macos-x86_64 | 0.1.3 | 157.00 | NOTE | |||
r-release-windows-x86_64 | 0.1.3 | 46.00 | 203.00 | 249.00 | NOTE | |
r-oldrel-macos-arm64 | 0.1.3 | 118.00 | NOTE | |||
r-oldrel-macos-x86_64 | 0.1.3 | 299.00 | NOTE | |||
r-oldrel-windows-x86_64 | 0.1.3 | 58.00 | 263.00 | 321.00 | NOTE |
Version: 0.1.3
Check: LazyData
Result: NOTE
'LazyData' is specified without a 'data' directory
Flavors: r-devel-linux-x86_64-debian-clang, r-devel-linux-x86_64-debian-gcc, r-devel-linux-x86_64-fedora-clang, r-devel-linux-x86_64-fedora-gcc, r-devel-windows-x86_64, r-patched-linux-x86_64, r-release-linux-x86_64, r-release-macos-arm64, r-release-macos-x86_64, r-release-windows-x86_64, r-oldrel-macos-arm64, r-oldrel-macos-x86_64, r-oldrel-windows-x86_64