Last updated on 2024-08-07 00:49:28 CEST.
Flavor | Version | Tinstall | Tcheck | Ttotal | Status | Flags |
---|---|---|---|---|---|---|
r-devel-linux-x86_64-debian-clang | 1.0.1 | 38.79 | 112.68 | 151.47 | OK | |
r-devel-linux-x86_64-debian-gcc | 1.0.1 | 27.83 | 79.24 | 107.07 | OK | |
r-devel-linux-x86_64-fedora-clang | 1.0.1 | 264.59 | OK | |||
r-devel-linux-x86_64-fedora-gcc | 1.0.1 | 267.99 | OK | |||
r-devel-windows-x86_64 | 1.0.1 | 42.00 | 146.00 | 188.00 | OK | |
r-patched-linux-x86_64 | 1.0.1 | 38.80 | 107.27 | 146.07 | OK | |
r-release-linux-x86_64 | 1.0.1 | 37.36 | 107.78 | 145.14 | OK | |
r-release-macos-arm64 | 1.0.1 | 70.00 | NOTE | |||
r-release-macos-x86_64 | 1.0.1 | 110.00 | NOTE | |||
r-release-windows-x86_64 | 1.0.1 | 43.00 | 147.00 | 190.00 | OK | |
r-oldrel-macos-arm64 | 1.0.1 | 86.00 | NOTE | |||
r-oldrel-macos-x86_64 | 1.0.1 | 132.00 | NOTE | |||
r-oldrel-windows-x86_64 | 1.0.1 | 57.00 | 170.00 | 227.00 | OK |
Version: 1.0.1
Check: installed package size
Result: NOTE
installed size is 5.3Mb
sub-directories of 1Mb or more:
libs 4.4Mb
Flavors: r-release-macos-arm64, r-release-macos-x86_64, r-oldrel-macos-arm64, r-oldrel-macos-x86_64