Last updated on 2024-08-07 00:49:28 CEST.
Flavor | Version | Tinstall | Tcheck | Ttotal | Status | Flags |
---|---|---|---|---|---|---|
r-devel-linux-x86_64-debian-clang | 0.4-0 | 34.82 | 70.60 | 105.42 | OK | |
r-devel-linux-x86_64-debian-gcc | 0.4-0 | 26.15 | 50.62 | 76.77 | OK | |
r-devel-linux-x86_64-fedora-clang | 0.4-0 | 186.02 | OK | |||
r-devel-linux-x86_64-fedora-gcc | 0.4-0 | 178.94 | OK | |||
r-devel-windows-x86_64 | 0.4-0 | 40.00 | 99.00 | 139.00 | OK | |
r-patched-linux-x86_64 | 0.4-0 | 33.03 | 64.96 | 97.99 | OK | |
r-release-linux-x86_64 | 0.4-0 | 34.75 | 65.44 | 100.19 | OK | |
r-release-macos-arm64 | 0.4-0 | 51.00 | NOTE | |||
r-release-macos-x86_64 | 0.4-0 | 96.00 | NOTE | |||
r-release-windows-x86_64 | 0.4-0 | 40.00 | 100.00 | 140.00 | OK | |
r-oldrel-macos-arm64 | 0.4-0 | 55.00 | NOTE | |||
r-oldrel-macos-x86_64 | 0.4-0 | 147.00 | NOTE | |||
r-oldrel-windows-x86_64 | 0.4-0 | 47.00 | 118.00 | 165.00 | OK |
Version: 0.4-0
Check: installed package size
Result: NOTE
installed size is 5.1Mb
sub-directories of 1Mb or more:
data 2.4Mb
libs 2.6Mb
Flavors: r-release-macos-arm64, r-release-macos-x86_64, r-oldrel-macos-arm64, r-oldrel-macos-x86_64