Last updated on 2024-08-07 00:49:28 CEST.
Flavor | Version | Tinstall | Tcheck | Ttotal | Status | Flags |
---|---|---|---|---|---|---|
r-devel-linux-x86_64-debian-clang | 0.14-0 | 39.17 | 71.59 | 110.76 | NOTE | |
r-devel-linux-x86_64-debian-gcc | 0.14-0 | 25.51 | 52.04 | 77.55 | NOTE | |
r-devel-linux-x86_64-fedora-clang | 0.14-0 | 212.83 | NOTE | |||
r-devel-linux-x86_64-fedora-gcc | 0.14-0 | 211.59 | NOTE | |||
r-devel-windows-x86_64 | 0.14-0 | 46.00 | 131.00 | 177.00 | NOTE | |
r-patched-linux-x86_64 | 0.14-0 | 36.93 | 66.37 | 103.30 | NOTE | |
r-release-linux-x86_64 | 0.14-0 | 34.23 | 66.73 | 100.96 | NOTE | |
r-release-macos-arm64 | 0.14-0 | 59.00 | NOTE | |||
r-release-macos-x86_64 | 0.14-0 | 104.00 | NOTE | |||
r-release-windows-x86_64 | 0.14-0 | 49.00 | 127.00 | 176.00 | NOTE | |
r-oldrel-macos-arm64 | 0.14-0 | 59.00 | OK | |||
r-oldrel-macos-x86_64 | 0.14-0 | 89.00 | OK | |||
r-oldrel-windows-x86_64 | 0.14-0 | 56.00 | 145.00 | 201.00 | OK |
Version: 0.14-0
Check: Rd files
Result: NOTE
checkRd: (-1) SpatialBSS-package.Rd:25: Lost braces in \itemize; meant \describe ?
checkRd: (-1) SpatialBSS-package.Rd:26: Lost braces in \itemize; meant \describe ?
checkRd: (-1) SpatialBSS-package.Rd:27: Lost braces in \itemize; meant \describe ?
checkRd: (-1) SpatialBSS-package.Rd:28: Lost braces in \itemize; meant \describe ?
Flavors: r-devel-linux-x86_64-debian-clang, r-devel-linux-x86_64-debian-gcc, r-devel-linux-x86_64-fedora-clang, r-devel-linux-x86_64-fedora-gcc, r-devel-windows-x86_64, r-patched-linux-x86_64, r-release-linux-x86_64, r-release-macos-arm64, r-release-macos-x86_64, r-release-windows-x86_64