Last updated on 2024-08-07 00:49:28 CEST.
Flavor | Version | Tinstall | Tcheck | Ttotal | Status | Flags |
---|---|---|---|---|---|---|
r-devel-linux-x86_64-debian-clang | 1.0.5 | 70.87 | 27.07 | 97.94 | OK | |
r-devel-linux-x86_64-debian-gcc | 1.0.5 | 48.00 | 21.49 | 69.49 | OK | |
r-devel-linux-x86_64-fedora-clang | 1.0.5 | 195.90 | OK | |||
r-devel-linux-x86_64-fedora-gcc | 1.0.5 | 206.27 | OK | |||
r-devel-windows-x86_64 | 1.0.5 | 85.00 | 66.00 | 151.00 | NOTE | |
r-patched-linux-x86_64 | 1.0.5 | 67.43 | 25.58 | 93.01 | OK | |
r-release-linux-x86_64 | 1.0.5 | 63.63 | 25.71 | 89.34 | OK | |
r-release-macos-arm64 | 1.0.5 | 48.00 | NOTE | |||
r-release-macos-x86_64 | 1.0.5 | 59.00 | NOTE | |||
r-release-windows-x86_64 | 1.0.5 | 84.00 | 67.00 | 151.00 | NOTE | |
r-oldrel-macos-arm64 | 1.0.5 | 58.00 | NOTE | |||
r-oldrel-macos-x86_64 | 1.0.5 | 100.00 | NOTE | |||
r-oldrel-windows-x86_64 | 1.0.5 | 100.00 | 75.00 | 175.00 | NOTE |
Version: 1.0.5
Check: C++ specification
Result: NOTE
Specified C++11: please drop specification unless essential
Flavors: r-devel-windows-x86_64, r-release-windows-x86_64, r-oldrel-windows-x86_64
Version: 1.0.5
Check: installed package size
Result: NOTE
installed size is 5.1Mb
sub-directories of 1Mb or more:
libs 5.0Mb
Flavors: r-release-macos-arm64, r-release-macos-x86_64, r-oldrel-macos-arm64, r-oldrel-macos-x86_64