Last updated on 2024-08-07 00:49:28 CEST.
Flavor | Version | Tinstall | Tcheck | Ttotal | Status | Flags |
---|---|---|---|---|---|---|
r-devel-linux-x86_64-debian-clang | 1.3.0 | 9.99 | 138.58 | 148.57 | OK | |
r-devel-linux-x86_64-debian-gcc | 1.3.0 | 7.00 | 101.47 | 108.47 | OK | |
r-devel-linux-x86_64-fedora-clang | 1.3.0 | 243.19 | NOTE | |||
r-devel-linux-x86_64-fedora-gcc | 1.3.0 | 244.13 | OK | |||
r-devel-windows-x86_64 | 1.3.0 | 14.00 | 129.00 | 143.00 | NOTE | |
r-patched-linux-x86_64 | 1.3.0 | 9.28 | 135.86 | 145.14 | OK | |
r-release-linux-x86_64 | 1.3.0 | 8.79 | 134.47 | 143.26 | OK | |
r-release-macos-arm64 | 1.3.0 | 60.00 | NOTE | |||
r-release-macos-x86_64 | 1.3.0 | 93.00 | NOTE | |||
r-release-windows-x86_64 | 1.3.0 | 14.00 | 129.00 | 143.00 | NOTE | |
r-oldrel-macos-arm64 | 1.3.0 | 67.00 | NOTE | |||
r-oldrel-macos-x86_64 | 1.3.0 | 121.00 | NOTE | |||
r-oldrel-windows-x86_64 | 1.3.0 | 16.00 | 158.00 | 174.00 | NOTE |
Version: 1.3.0
Check: installed package size
Result: NOTE
installed size is 8.8Mb
sub-directories of 1Mb or more:
doc 8.2Mb
Flavors: r-devel-linux-x86_64-fedora-clang, r-devel-windows-x86_64, r-release-macos-arm64, r-release-macos-x86_64, r-release-windows-x86_64, r-oldrel-macos-arm64, r-oldrel-macos-x86_64, r-oldrel-windows-x86_64