Last updated on 2024-08-07 00:49:29 CEST.
Flavor | Version | Tinstall | Tcheck | Ttotal | Status | Flags |
---|---|---|---|---|---|---|
r-devel-linux-x86_64-debian-clang | 1.1 | 21.84 | 22.92 | 44.76 | NOTE | |
r-devel-linux-x86_64-debian-gcc | 1.1 | 14.26 | 18.57 | 32.83 | NOTE | |
r-devel-linux-x86_64-fedora-clang | 1.1 | 81.63 | NOTE | |||
r-devel-linux-x86_64-fedora-gcc | 1.1 | 80.08 | NOTE | |||
r-devel-windows-x86_64 | 1.1 | 25.00 | 63.00 | 88.00 | NOTE | |
r-patched-linux-x86_64 | 1.1 | 19.49 | 22.39 | 41.88 | NOTE | |
r-release-linux-x86_64 | 1.1 | 19.83 | 22.24 | 42.07 | NOTE | |
r-release-macos-arm64 | 1.1 | 25.00 | NOTE | |||
r-release-macos-x86_64 | 1.1 | 37.00 | NOTE | |||
r-release-windows-x86_64 | 1.1 | 25.00 | 61.00 | 86.00 | NOTE | |
r-oldrel-macos-arm64 | 1.1 | 29.00 | NOTE | |||
r-oldrel-macos-x86_64 | 1.1 | 43.00 | NOTE | |||
r-oldrel-windows-x86_64 | 1.1 | 30.00 | 70.00 | 100.00 | NOTE |
Version: 1.1
Check: C++ specification
Result: NOTE
Specified C++11: please drop specification unless essential
Flavors: r-devel-linux-x86_64-debian-clang, r-devel-linux-x86_64-debian-gcc, r-devel-linux-x86_64-fedora-clang, r-devel-linux-x86_64-fedora-gcc, r-devel-windows-x86_64, r-patched-linux-x86_64, r-release-linux-x86_64, r-release-macos-arm64, r-release-macos-x86_64, r-release-windows-x86_64, r-oldrel-macos-arm64, r-oldrel-macos-x86_64, r-oldrel-windows-x86_64