Last updated on 2024-08-07 00:49:29 CEST.
Flavor | Version | Tinstall | Tcheck | Ttotal | Status | Flags |
---|---|---|---|---|---|---|
r-devel-linux-x86_64-debian-clang | 1.1 | 10.16 | 82.35 | 92.51 | NOTE | |
r-devel-linux-x86_64-debian-gcc | 1.1 | 7.66 | 57.88 | 65.54 | NOTE | |
r-devel-linux-x86_64-fedora-clang | 1.1 | 145.81 | NOTE | |||
r-devel-linux-x86_64-fedora-gcc | 1.1 | 139.35 | NOTE | |||
r-devel-windows-x86_64 | 1.1 | 12.00 | 86.00 | 98.00 | NOTE | |
r-patched-linux-x86_64 | 1.1 | 10.71 | 78.59 | 89.30 | NOTE | |
r-release-linux-x86_64 | 1.1 | 9.93 | 78.26 | 88.19 | NOTE | |
r-release-macos-arm64 | 1.1 | 44.00 | NOTE | |||
r-release-macos-x86_64 | 1.1 | 113.00 | NOTE | |||
r-release-windows-x86_64 | 1.1 | 13.00 | 86.00 | 99.00 | NOTE | |
r-oldrel-macos-arm64 | 1.1 | 44.00 | OK | |||
r-oldrel-macos-x86_64 | 1.1 | 69.00 | OK | |||
r-oldrel-windows-x86_64 | 1.1 | 15.00 | 104.00 | 119.00 | OK |
Version: 1.1
Check: Rd files
Result: NOTE
checkRd: (-1) SRanalysis.Rd:100: Lost braces
100 | P. B{\"u}hlmann (2019). Stabilizing Variable Selection and
| ^
checkRd: (-1) StabilizedRegression.Rd:109: Lost braces
109 | P. B{\"u}hlmann (2019). Stabilizing Variable Selection and
| ^
Flavors: r-devel-linux-x86_64-debian-clang, r-devel-linux-x86_64-debian-gcc, r-devel-linux-x86_64-fedora-clang, r-devel-linux-x86_64-fedora-gcc, r-devel-windows-x86_64, r-patched-linux-x86_64, r-release-linux-x86_64, r-release-macos-arm64, r-release-macos-x86_64, r-release-windows-x86_64