Last updated on 2024-08-07 00:49:29 CEST.
Flavor | Version | Tinstall | Tcheck | Ttotal | Status | Flags |
---|---|---|---|---|---|---|
r-devel-linux-x86_64-debian-clang | 1.2.0 | 623.29 | 191.15 | 814.44 | NOTE | |
r-devel-linux-x86_64-debian-gcc | 1.2.0 | 476.29 | 167.35 | 643.64 | NOTE | |
r-devel-linux-x86_64-fedora-clang | 1.2.0 | 1226.12 | NOTE | |||
r-devel-linux-x86_64-fedora-gcc | 1.2.0 | 1748.57 | NOTE | |||
r-devel-windows-x86_64 | 1.2.0 | 541.00 | 303.00 | 844.00 | NOTE | |
r-patched-linux-x86_64 | 1.2.0 | 595.58 | 235.37 | 830.95 | NOTE | |
r-release-linux-x86_64 | 1.2.0 | 603.93 | 229.35 | 833.28 | NOTE | |
r-release-macos-arm64 | 1.2.0 | 301.00 | NOTE | |||
r-release-macos-x86_64 | 1.2.0 | 258.00 | NOTE | |||
r-release-windows-x86_64 | 1.2.0 | 551.00 | 253.00 | 804.00 | NOTE | |
r-oldrel-macos-arm64 | 1.2.0 | 360.00 | NOTE | |||
r-oldrel-macos-x86_64 | 1.2.0 | 551.00 | NOTE | |||
r-oldrel-windows-x86_64 | 1.2.0 | 739.00 | 317.00 | 1056.00 | NOTE |
Version: 1.2.0
Check: for GNU extensions in Makefiles
Result: NOTE
GNU make is a SystemRequirements.
Flavors: r-devel-linux-x86_64-debian-clang, r-devel-linux-x86_64-debian-gcc, r-devel-linux-x86_64-fedora-clang, r-devel-linux-x86_64-fedora-gcc, r-devel-windows-x86_64, r-patched-linux-x86_64, r-release-linux-x86_64, r-release-macos-arm64, r-release-macos-x86_64, r-release-windows-x86_64, r-oldrel-macos-arm64, r-oldrel-macos-x86_64, r-oldrel-windows-x86_64
Version: 1.2.0
Check: installed package size
Result: NOTE
installed size is 7.6Mb
sub-directories of 1Mb or more:
libs 6.8Mb
Flavors: r-devel-linux-x86_64-fedora-clang, r-devel-windows-x86_64, r-release-macos-arm64, r-release-macos-x86_64, r-release-windows-x86_64, r-oldrel-macos-arm64, r-oldrel-macos-x86_64, r-oldrel-windows-x86_64
Version: 1.2.0
Check: dependencies in R code
Result: NOTE
Namespaces in Imports field not imported from:
‘RcppParallel’ ‘httr’ ‘latex2exp’ ‘rstantools’ ‘tibble’ ‘tidyverse’
‘utils’
All declared Imports should be used.
Flavors: r-devel-linux-x86_64-fedora-clang, r-devel-linux-x86_64-fedora-gcc