Last updated on 2024-08-07 00:49:29 CEST.
Flavor | Version | Tinstall | Tcheck | Ttotal | Status | Flags |
---|---|---|---|---|---|---|
r-devel-linux-x86_64-debian-clang | 1.1.0 | 35.94 | 87.74 | 123.68 | NOTE | |
r-devel-linux-x86_64-debian-gcc | 1.1.0 | 26.37 | 62.44 | 88.81 | NOTE | |
r-devel-linux-x86_64-fedora-clang | 1.1.0 | 205.48 | NOTE | |||
r-devel-linux-x86_64-fedora-gcc | 1.1.0 | 205.94 | NOTE | |||
r-devel-windows-x86_64 | 1.1.0 | 40.00 | 113.00 | 153.00 | NOTE | |
r-patched-linux-x86_64 | 1.1.0 | 33.90 | 82.28 | 116.18 | NOTE | |
r-release-linux-x86_64 | 1.1.0 | 34.87 | 82.23 | 117.10 | NOTE | |
r-release-macos-arm64 | 1.1.0 | 50.00 | NOTE | |||
r-release-macos-x86_64 | 1.1.0 | 78.00 | NOTE | |||
r-release-windows-x86_64 | 1.1.0 | 41.00 | 109.00 | 150.00 | NOTE | |
r-oldrel-macos-arm64 | 1.1.0 | 55.00 | NOTE | |||
r-oldrel-macos-x86_64 | 1.1.0 | 101.00 | NOTE | |||
r-oldrel-windows-x86_64 | 1.1.0 | 49.00 | 137.00 | 186.00 | NOTE |
Version: 1.1.0
Check: C++ specification
Result: NOTE
Specified C++11: please drop specification unless essential
Flavors: r-devel-linux-x86_64-debian-clang, r-devel-linux-x86_64-debian-gcc, r-devel-linux-x86_64-fedora-clang, r-devel-linux-x86_64-fedora-gcc, r-devel-windows-x86_64, r-patched-linux-x86_64, r-release-linux-x86_64, r-release-macos-arm64, r-release-macos-x86_64, r-release-windows-x86_64, r-oldrel-macos-arm64, r-oldrel-macos-x86_64, r-oldrel-windows-x86_64
Version: 1.1.0
Check: package subdirectories
Result: NOTE
Problems with news in ‘NEWS.md’:
No news entries found.
Flavors: r-devel-linux-x86_64-debian-clang, r-devel-linux-x86_64-debian-gcc, r-devel-linux-x86_64-fedora-clang, r-devel-linux-x86_64-fedora-gcc, r-devel-windows-x86_64, r-patched-linux-x86_64, r-release-linux-x86_64, r-release-macos-arm64, r-release-macos-x86_64, r-release-windows-x86_64, r-oldrel-macos-arm64, r-oldrel-macos-x86_64, r-oldrel-windows-x86_64