Last updated on 2024-08-07 00:49:29 CEST.
Flavor | Version | Tinstall | Tcheck | Ttotal | Status | Flags |
---|---|---|---|---|---|---|
r-devel-linux-x86_64-debian-clang | 1.5.1 | 18.22 | 235.40 | 253.62 | OK | |
r-devel-linux-x86_64-debian-gcc | 1.5.1 | 11.66 | 173.44 | 185.10 | OK | |
r-devel-linux-x86_64-fedora-clang | 1.5.1 | 459.24 | NOTE | |||
r-devel-linux-x86_64-fedora-gcc | 1.5.1 | 417.03 | OK | |||
r-devel-windows-x86_64 | 1.5.1 | 17.00 | 197.00 | 214.00 | OK | |
r-patched-linux-x86_64 | 1.5.1 | 16.96 | 226.51 | 243.47 | OK | |
r-release-linux-x86_64 | 1.5.1 | 16.81 | 230.56 | 247.37 | OK | |
r-release-macos-arm64 | 1.5.1 | 203.00 | OK | |||
r-release-macos-x86_64 | 1.5.1 | 176.00 | OK | |||
r-release-windows-x86_64 | 1.5.1 | 18.00 | 197.00 | 215.00 | OK | |
r-oldrel-macos-arm64 | 1.5.1 | 109.00 | OK | |||
r-oldrel-macos-x86_64 | 1.5.1 | 308.00 | OK | |||
r-oldrel-windows-x86_64 | 1.5.1 | 23.00 | 241.00 | 264.00 | OK |
Version: 1.5.1
Check: Rd cross-references
Result: NOTE
Undeclared package ‘AER’ in Rd xrefs
Flavor: r-devel-linux-x86_64-fedora-clang