Last updated on 2024-08-07 00:49:29 CEST.
Flavor | Version | Tinstall | Tcheck | Ttotal | Status | Flags |
---|---|---|---|---|---|---|
r-devel-linux-x86_64-debian-clang | 0.2.0 | 7.68 | 63.02 | 70.70 | NOTE | |
r-devel-linux-x86_64-debian-gcc | 0.2.0 | 4.50 | 44.54 | 49.04 | NOTE | |
r-devel-linux-x86_64-fedora-clang | 0.2.0 | 108.38 | NOTE | |||
r-devel-linux-x86_64-fedora-gcc | 0.2.0 | 105.96 | NOTE | |||
r-devel-windows-x86_64 | 0.2.0 | 8.00 | 81.00 | 89.00 | NOTE | |
r-patched-linux-x86_64 | 0.2.0 | 7.32 | 59.45 | 66.77 | NOTE | |
r-release-linux-x86_64 | 0.2.0 | 6.82 | 59.97 | 66.79 | NOTE | |
r-release-macos-arm64 | 0.2.0 | 32.00 | NOTE | |||
r-release-macos-x86_64 | 0.2.0 | 64.00 | NOTE | |||
r-release-windows-x86_64 | 0.2.0 | 8.00 | 81.00 | 89.00 | NOTE | |
r-oldrel-macos-arm64 | 0.2.0 | 38.00 | NOTE | |||
r-oldrel-macos-x86_64 | 0.2.0 | 53.00 | NOTE | |||
r-oldrel-windows-x86_64 | 0.2.0 | 10.00 | 95.00 | 105.00 | NOTE |
Version: 0.2.0
Check: LazyData
Result: NOTE
'LazyData' is specified without a 'data' directory
Flavors: r-devel-linux-x86_64-debian-clang, r-devel-linux-x86_64-debian-gcc, r-devel-linux-x86_64-fedora-clang, r-devel-linux-x86_64-fedora-gcc, r-devel-windows-x86_64, r-patched-linux-x86_64, r-release-linux-x86_64, r-release-macos-arm64, r-release-macos-x86_64, r-release-windows-x86_64, r-oldrel-macos-arm64, r-oldrel-macos-x86_64, r-oldrel-windows-x86_64