Last updated on 2024-08-07 00:49:29 CEST.
Flavor | Version | Tinstall | Tcheck | Ttotal | Status | Flags |
---|---|---|---|---|---|---|
r-devel-linux-x86_64-debian-clang | 1.0 | 4.99 | 60.73 | 65.72 | OK | |
r-devel-linux-x86_64-debian-gcc | 1.0 | 3.24 | 47.47 | 50.71 | OK | |
r-devel-linux-x86_64-fedora-clang | 1.0 | 105.94 | NOTE | |||
r-devel-linux-x86_64-fedora-gcc | 1.0 | 115.52 | NOTE | |||
r-devel-windows-x86_64 | 1.0 | 6.00 | 114.00 | 120.00 | OK | |
r-patched-linux-x86_64 | 1.0 | 4.70 | 58.26 | 62.96 | OK | |
r-release-linux-x86_64 | 1.0 | 4.48 | 58.90 | 63.38 | OK | |
r-release-macos-arm64 | 1.0 | 43.00 | OK | |||
r-release-macos-x86_64 | 1.0 | 73.00 | OK | |||
r-release-windows-x86_64 | 1.0 | 8.00 | 127.00 | 135.00 | OK | |
r-oldrel-macos-arm64 | 1.0 | 44.00 | OK | |||
r-oldrel-macos-x86_64 | 1.0 | 75.00 | OK | |||
r-oldrel-windows-x86_64 | 1.0 | 9.00 | 100.00 | 109.00 | OK |
Version: 1.0
Check: dependencies in R code
Result: NOTE
Namespace in Imports field not imported from: ‘knitr’
All declared Imports should be used.
Flavors: r-devel-linux-x86_64-fedora-clang, r-devel-linux-x86_64-fedora-gcc