Last updated on 2024-08-07 00:49:30 CEST.
Flavor | Version | Tinstall | Tcheck | Ttotal | Status | Flags |
---|---|---|---|---|---|---|
r-devel-linux-x86_64-debian-clang | 2.0 | 57.58 | 43.99 | 101.57 | OK | |
r-devel-linux-x86_64-debian-gcc | 2.0 | 40.49 | 37.12 | 77.61 | OK | |
r-devel-linux-x86_64-fedora-clang | 2.0 | 173.25 | OK | |||
r-devel-linux-x86_64-fedora-gcc | 2.0 | 190.11 | OK | |||
r-devel-windows-x86_64 | 2.0 | 58.00 | 82.00 | 140.00 | OK | |
r-patched-linux-x86_64 | 2.0 | 53.91 | 49.39 | 103.30 | OK | |
r-release-linux-x86_64 | 2.0 | 55.96 | 48.52 | 104.48 | OK | |
r-release-macos-arm64 | 2.0 | 46.00 | NOTE | |||
r-release-macos-x86_64 | 2.0 | 56.00 | NOTE | |||
r-release-windows-x86_64 | 2.0 | 59.00 | 236.00 | 295.00 | OK | |
r-oldrel-macos-arm64 | 2.0 | 50.00 | NOTE | |||
r-oldrel-macos-x86_64 | 2.0 | 78.00 | NOTE | |||
r-oldrel-windows-x86_64 | 2.0 | 69.00 | 100.00 | 169.00 | OK |
Version: 2.0
Check: installed package size
Result: NOTE
installed size is 16.8Mb
sub-directories of 1Mb or more:
data 1.2Mb
libs 15.4Mb
Flavors: r-release-macos-arm64, r-release-macos-x86_64, r-oldrel-macos-arm64, r-oldrel-macos-x86_64