Last updated on 2024-08-07 00:49:30 CEST.
Flavor | Version | Tinstall | Tcheck | Ttotal | Status | Flags |
---|---|---|---|---|---|---|
r-devel-linux-x86_64-debian-clang | 0.1.0 | 2.16 | 19.97 | 22.13 | OK | |
r-devel-linux-x86_64-debian-gcc | 0.1.0 | 1.64 | 15.39 | 17.03 | OK | |
r-devel-linux-x86_64-fedora-clang | 0.1.0 | 35.68 | NOTE | |||
r-devel-linux-x86_64-fedora-gcc | 0.1.0 | 33.05 | NOTE | |||
r-devel-windows-x86_64 | 0.1.0 | 3.00 | 142.00 | 145.00 | OK | |
r-patched-linux-x86_64 | 0.1.0 | 2.43 | 18.65 | 21.08 | OK | |
r-release-linux-x86_64 | 0.1.0 | 2.15 | 19.00 | 21.15 | OK | |
r-release-macos-arm64 | 0.1.0 | 15.00 | OK | |||
r-release-macos-x86_64 | 0.1.0 | 21.00 | OK | |||
r-release-windows-x86_64 | 0.1.0 | 3.00 | 147.00 | 150.00 | OK | |
r-oldrel-macos-arm64 | 0.1.0 | 16.00 | OK | |||
r-oldrel-macos-x86_64 | 0.1.0 | 22.00 | OK | |||
r-oldrel-windows-x86_64 | 0.1.0 | 5.00 | 146.00 | 151.00 | OK |
Version: 0.1.0
Check: dependencies in R code
Result: NOTE
Namespace in Imports field not imported from: ‘stats’
All declared Imports should be used.
Flavors: r-devel-linux-x86_64-fedora-clang, r-devel-linux-x86_64-fedora-gcc