Last updated on 2024-08-07 00:49:29 CEST.
Flavor | Version | Tinstall | Tcheck | Ttotal | Status | Flags |
---|---|---|---|---|---|---|
r-devel-linux-x86_64-debian-clang | 2.13 | 12.27 | 79.23 | 91.50 | NOTE | |
r-devel-linux-x86_64-debian-gcc | 2.13 | 7.82 | 51.51 | 59.33 | NOTE | |
r-devel-linux-x86_64-fedora-clang | 2.13 | 149.62 | NOTE | |||
r-devel-linux-x86_64-fedora-gcc | 2.13 | 137.82 | NOTE | |||
r-devel-windows-x86_64 | 2.13 | 13.00 | 170.00 | 183.00 | OK | |
r-patched-linux-x86_64 | 2.13 | 13.76 | 73.91 | 87.67 | NOTE | |
r-release-linux-x86_64 | 2.13 | 11.37 | 74.67 | 86.04 | NOTE | |
r-release-macos-arm64 | 2.13 | 39.00 | NOTE | |||
r-release-macos-x86_64 | 2.13 | 106.00 | NOTE | |||
r-release-windows-x86_64 | 2.13 | 13.00 | 108.00 | 121.00 | OK | |
r-oldrel-macos-arm64 | 2.13 | 45.00 | NOTE | |||
r-oldrel-macos-x86_64 | 2.13 | 136.00 | NOTE | |||
r-oldrel-windows-x86_64 | 2.13 | 17.00 | 193.00 | 210.00 | OK |
Version: 2.13
Check: package dependencies
Result: NOTE
Package which this enhances but not available for checking: ‘R2wd’
Flavors: r-devel-linux-x86_64-debian-clang, r-devel-linux-x86_64-debian-gcc, r-devel-linux-x86_64-fedora-clang, r-devel-linux-x86_64-fedora-gcc, r-patched-linux-x86_64, r-release-linux-x86_64, r-release-macos-arm64, r-release-macos-x86_64, r-oldrel-macos-arm64, r-oldrel-macos-x86_64