Last updated on 2024-08-07 00:49:29 CEST.
Flavor | Version | Tinstall | Tcheck | Ttotal | Status | Flags |
---|---|---|---|---|---|---|
r-devel-linux-x86_64-debian-clang | 2.3.2 | 8.18 | 140.92 | 149.10 | OK | |
r-devel-linux-x86_64-debian-gcc | 2.3.2 | 5.33 | 108.74 | 114.07 | OK | |
r-devel-linux-x86_64-fedora-clang | 2.3.2 | 241.78 | NOTE | |||
r-devel-linux-x86_64-fedora-gcc | 2.3.2 | 247.34 | OK | |||
r-devel-windows-x86_64 | 2.3.2 | 10.00 | 151.00 | 161.00 | NOTE | |
r-patched-linux-x86_64 | 2.3.2 | 7.14 | 137.70 | 144.84 | OK | |
r-release-linux-x86_64 | 2.3.2 | 7.23 | 137.90 | 145.13 | OK | |
r-release-macos-arm64 | 2.3.2 | 57.00 | NOTE | |||
r-release-macos-x86_64 | 2.3.2 | 200.00 | NOTE | |||
r-release-windows-x86_64 | 2.3.2 | 9.00 | 146.00 | 155.00 | NOTE | |
r-oldrel-macos-arm64 | 2.3.2 | 68.00 | NOTE | |||
r-oldrel-macos-x86_64 | 2.3.2 | 128.00 | NOTE | |||
r-oldrel-windows-x86_64 | 2.3.2 | 12.00 | 172.00 | 184.00 | NOTE |
Version: 2.3.2
Check: installed package size
Result: NOTE
installed size is 7.0Mb
sub-directories of 1Mb or more:
doc 5.9Mb
Flavors: r-devel-linux-x86_64-fedora-clang, r-devel-windows-x86_64, r-release-macos-arm64, r-release-macos-x86_64, r-release-windows-x86_64, r-oldrel-macos-arm64, r-oldrel-macos-x86_64, r-oldrel-windows-x86_64