Last updated on 2024-08-07 00:49:30 CEST.
Flavor | Version | Tinstall | Tcheck | Ttotal | Status | Flags |
---|---|---|---|---|---|---|
r-devel-linux-x86_64-debian-clang | 0.6.7 | 12.93 | 95.48 | 108.41 | NOTE | |
r-devel-linux-x86_64-debian-gcc | 0.6.7 | 8.30 | 68.03 | 76.33 | NOTE | |
r-devel-linux-x86_64-fedora-clang | 0.6.7 | 167.08 | OK | |||
r-devel-linux-x86_64-fedora-gcc | 0.6.7 | 160.65 | OK | |||
r-devel-windows-x86_64 | 0.6.7 | 15.00 | 113.00 | 128.00 | NOTE | |
r-patched-linux-x86_64 | 0.6.7 | 16.95 | 93.08 | 110.03 | OK | |
r-release-linux-x86_64 | 0.6.7 | 11.39 | 91.74 | 103.13 | OK | |
r-release-macos-arm64 | 0.6.7 | 47.00 | OK | |||
r-release-macos-x86_64 | 0.6.7 | 73.00 | OK | |||
r-release-windows-x86_64 | 0.6.7 | 16.00 | 113.00 | 129.00 | OK | |
r-oldrel-macos-arm64 | 0.6.7 | 54.00 | OK | |||
r-oldrel-macos-x86_64 | 0.6.7 | 103.00 | OK | |||
r-oldrel-windows-x86_64 | 0.6.7 | 18.00 | 137.00 | 155.00 | OK |
Version: 0.6.7
Check: Rd cross-references
Result: NOTE
Found the following Rd file(s) with Rd \link{} targets missing package
anchors:
dissindic.Rd: dissmfacw, dissvar, dissassoc
dissvar-grp.Rd: dissvar
seqauto.Rd: seqformat
seqcta.Rd: seqdef
seqedist.Rd: seqecreate
seqedplot.Rd: seqecreate
seqemlt.Rd: seqdef
seqerulesdisc.Rd: seqefsub
seqgen.missing.Rd: seqdef
seqgranularity.Rd: seqdef
seqimplic.Rd: seqdef
seqindic-dyn.Rd: seqindic
seqplot-rf.Rd: seqIplot, seqdef, seqdist, seqplot, TraMineR, seqrf,
seqrep
seqplot-tentrop.Rd: seqdef, seqHtplot, seqstatd
seqpolyads.Rd: seqdef, seqdist
seqrep-grp.Rd: seqrep, seqdef
seqsamm.Rd: seqdef, seqplot, alphabet
seqsha.Rd: seqdef
seqsplot.Rd: seqdef
seqsurv.Rd: seqdef
sortv.Rd: seqiplot
Please provide package anchors for all Rd \link{} targets not in the
package itself and the base packages.
Flavors: r-devel-linux-x86_64-debian-clang, r-devel-linux-x86_64-debian-gcc, r-devel-windows-x86_64