Last updated on 2024-08-07 00:49:30 CEST.
Flavor | Version | Tinstall | Tcheck | Ttotal | Status | Flags |
---|---|---|---|---|---|---|
r-devel-linux-x86_64-debian-clang | 2.8.0 | 55.79 | 202.00 | 257.79 | NOTE | |
r-devel-linux-x86_64-debian-gcc | 2.8.0 | 36.23 | 139.73 | 175.96 | NOTE | |
r-devel-linux-x86_64-fedora-clang | 2.8.0 | 426.69 | NOTE | |||
r-devel-linux-x86_64-fedora-gcc | 2.8.0 | 442.10 | NOTE | |||
r-devel-windows-x86_64 | 2.8.0 | 59.00 | 222.00 | 281.00 | NOTE | |
r-patched-linux-x86_64 | 2.8.0 | 50.83 | 197.59 | 248.42 | NOTE | |
r-release-linux-x86_64 | 2.8.0 | 48.64 | 196.73 | 245.37 | NOTE | |
r-release-macos-arm64 | 2.8.0 | 125.00 | NOTE | |||
r-release-macos-x86_64 | 2.8.0 | 328.00 | NOTE | |||
r-release-windows-x86_64 | 2.8.0 | 60.00 | 223.00 | 283.00 | NOTE | |
r-oldrel-macos-arm64 | 2.8.0 | 165.00 | NOTE | |||
r-oldrel-macos-x86_64 | 2.8.0 | 287.00 | NOTE | |||
r-oldrel-windows-x86_64 | 2.8.0 | 69.00 | 286.00 | 355.00 | NOTE |
Version: 2.8.0
Check: package dependencies
Result: NOTE
Package suggested but not available for checking: ‘TreeDistData’
Flavors: r-devel-linux-x86_64-debian-clang, r-devel-linux-x86_64-debian-gcc, r-devel-linux-x86_64-fedora-clang, r-devel-linux-x86_64-fedora-gcc, r-devel-windows-x86_64, r-patched-linux-x86_64, r-release-linux-x86_64, r-release-macos-arm64, r-release-macos-x86_64, r-release-windows-x86_64, r-oldrel-macos-arm64, r-oldrel-macos-x86_64, r-oldrel-windows-x86_64
Version: 2.8.0
Check: installed package size
Result: NOTE
installed size is 6.1Mb
sub-directories of 1Mb or more:
doc 5.0Mb
Flavors: r-devel-linux-x86_64-fedora-clang, r-devel-windows-x86_64, r-release-macos-arm64, r-release-macos-x86_64, r-release-windows-x86_64, r-oldrel-macos-arm64, r-oldrel-macos-x86_64, r-oldrel-windows-x86_64