Last updated on 2024-08-07 00:49:30 CEST.
Flavor | Version | Tinstall | Tcheck | Ttotal | Status | Flags |
---|---|---|---|---|---|---|
r-devel-linux-x86_64-debian-clang | 1.12.0 | 71.14 | 147.32 | 218.46 | OK | |
r-devel-linux-x86_64-debian-gcc | 1.12.0 | 52.42 | 97.50 | 149.92 | OK | |
r-devel-linux-x86_64-fedora-clang | 1.12.0 | 375.55 | OK | |||
r-devel-linux-x86_64-fedora-gcc | 1.12.0 | 393.86 | OK | |||
r-devel-windows-x86_64 | 1.12.0 | 80.00 | 193.00 | 273.00 | OK | |
r-patched-linux-x86_64 | 1.12.0 | 73.18 | 143.75 | 216.93 | OK | |
r-release-linux-x86_64 | 1.12.0 | 73.32 | 140.69 | 214.01 | OK | |
r-release-macos-arm64 | 1.12.0 | 109.00 | NOTE | |||
r-release-macos-x86_64 | 1.12.0 | 259.00 | NOTE | |||
r-release-windows-x86_64 | 1.12.0 | 80.00 | 188.00 | 268.00 | OK | |
r-oldrel-macos-arm64 | 1.12.0 | 107.00 | NOTE | |||
r-oldrel-macos-x86_64 | 1.12.0 | 149.00 | NOTE | |||
r-oldrel-windows-x86_64 | 1.12.0 | 96.00 | 230.00 | 326.00 | OK |
Version: 1.12.0
Check: installed package size
Result: NOTE
installed size is 6.1Mb
sub-directories of 1Mb or more:
R 1.1Mb
libs 3.9Mb
Flavors: r-release-macos-arm64, r-release-macos-x86_64, r-oldrel-macos-arm64, r-oldrel-macos-x86_64