Last updated on 2024-08-07 00:49:30 CEST.
Flavor | Version | Tinstall | Tcheck | Ttotal | Status | Flags |
---|---|---|---|---|---|---|
r-devel-linux-x86_64-debian-clang | 5.0.4 | 126.42 | 93.60 | 220.02 | OK | |
r-devel-linux-x86_64-debian-gcc | 5.0.4 | 85.29 | 63.98 | 149.27 | OK | |
r-devel-linux-x86_64-fedora-clang | 5.0.4 | 340.76 | OK | |||
r-devel-linux-x86_64-fedora-gcc | 5.0.4 | 441.04 | OK | |||
r-devel-windows-x86_64 | 5.0.4 | 117.00 | 148.00 | 265.00 | OK | |
r-patched-linux-x86_64 | 5.0.4 | 124.48 | 88.45 | 212.93 | OK | |
r-release-linux-x86_64 | 5.0.4 | 118.94 | 92.32 | 211.26 | OK | |
r-release-macos-arm64 | 5.0.4 | 86.00 | NOTE | |||
r-release-macos-x86_64 | 5.0.4 | 261.00 | NOTE | |||
r-release-windows-x86_64 | 5.0.4 | 120.00 | 148.00 | 268.00 | OK | |
r-oldrel-macos-arm64 | 5.0.4 | 90.00 | NOTE | |||
r-oldrel-macos-x86_64 | 5.0.4 | 209.00 | NOTE | |||
r-oldrel-windows-x86_64 | 5.0.4 | 149.00 | 177.00 | 326.00 | OK |
Version: 5.0.4
Check: installed package size
Result: NOTE
installed size is 22.2Mb
sub-directories of 1Mb or more:
libs 21.8Mb
Flavors: r-release-macos-arm64, r-release-macos-x86_64, r-oldrel-macos-arm64, r-oldrel-macos-x86_64