Last updated on 2024-08-07 00:49:30 CEST.
Flavor | Version | Tinstall | Tcheck | Ttotal | Status | Flags |
---|---|---|---|---|---|---|
r-devel-linux-x86_64-debian-clang | 0.1.5 | 6.58 | 86.93 | 93.51 | ERROR | |
r-devel-linux-x86_64-debian-gcc | 0.1.5 | 5.07 | 62.47 | 67.54 | ERROR | |
r-devel-linux-x86_64-fedora-clang | 0.1.5 | 206.00 | OK | |||
r-devel-linux-x86_64-fedora-gcc | 0.1.5 | 208.34 | OK | |||
r-devel-windows-x86_64 | 0.1.5 | 9.00 | 234.00 | 243.00 | OK | |
r-patched-linux-x86_64 | 0.1.5 | 5.88 | 83.82 | 89.70 | ERROR | |
r-release-linux-x86_64 | 0.1.5 | 6.99 | 84.35 | 91.34 | ERROR | |
r-release-macos-arm64 | 0.1.5 | 75.00 | OK | |||
r-release-macos-x86_64 | 0.1.5 | 196.00 | OK | |||
r-release-windows-x86_64 | 0.1.5 | 9.00 | 442.00 | 451.00 | OK | |
r-oldrel-macos-arm64 | 0.1.5 | 122.00 | OK | |||
r-oldrel-macos-x86_64 | 0.1.5 | 304.00 | OK | |||
r-oldrel-windows-x86_64 | 0.1.5 | 12.00 | 258.00 | 270.00 | OK |
Version: 0.1.5
Check: re-building of vignette outputs
Result: ERROR
Error(s) in re-building vignettes:
...
--- re-building ‘Introduction_to_UKB_COVID19.Rmd’ using rmarkdown
Quitting from lines 161-174 [unnamed-chunk-11] (Introduction_to_UKB_COVID19.Rmd)
Error: processing vignette 'Introduction_to_UKB_COVID19.Rmd' failed with diagnostics:
cannot open the connection
--- failed re-building ‘Introduction_to_UKB_COVID19.Rmd’
SUMMARY: processing the following file failed:
‘Introduction_to_UKB_COVID19.Rmd’
Error: Vignette re-building failed.
Execution halted
Flavors: r-devel-linux-x86_64-debian-clang, r-devel-linux-x86_64-debian-gcc, r-patched-linux-x86_64, r-release-linux-x86_64