Last updated on 2024-08-07 00:49:30 CEST.
Flavor | Version | Tinstall | Tcheck | Ttotal | Status | Flags |
---|---|---|---|---|---|---|
r-devel-linux-x86_64-debian-clang | 2.0.10 | 6.56 | 105.68 | 112.24 | NOTE | |
r-devel-linux-x86_64-debian-gcc | 2.0.10 | 5.40 | 80.44 | 85.84 | NOTE | |
r-devel-linux-x86_64-fedora-clang | 2.0.10 | 191.96 | OK | |||
r-devel-linux-x86_64-fedora-gcc | 2.0.10 | 197.40 | OK | |||
r-devel-windows-x86_64 | 2.0.10 | 10.00 | 130.00 | 140.00 | NOTE | |
r-patched-linux-x86_64 | 2.0.10 | 8.38 | 101.98 | 110.36 | OK | |
r-release-linux-x86_64 | 2.0.10 | 7.84 | 104.19 | 112.03 | OK | |
r-release-macos-arm64 | 2.0.10 | 60.00 | OK | |||
r-release-macos-x86_64 | 2.0.10 | 90.00 | OK | |||
r-release-windows-x86_64 | 2.0.10 | 12.00 | 131.00 | 143.00 | OK | |
r-oldrel-macos-arm64 | 2.0.10 | 45.00 | OK | |||
r-oldrel-macos-x86_64 | 2.0.10 | 68.00 | OK | |||
r-oldrel-windows-x86_64 | 2.0.10 | 13.00 | 149.00 | 162.00 | OK |
Version: 2.0.10
Check: Rd cross-references
Result: NOTE
Found the following Rd file(s) with Rd \link{} targets missing package
anchors:
e31-setDataTypes.Rd: daisy
Please provide package anchors for all Rd \link{} targets not in the
package itself and the base packages.
Flavors: r-devel-linux-x86_64-debian-clang, r-devel-linux-x86_64-debian-gcc, r-devel-windows-x86_64