Last updated on 2024-08-07 00:49:30 CEST.
Flavor | Version | Tinstall | Tcheck | Ttotal | Status | Flags |
---|---|---|---|---|---|---|
r-devel-linux-x86_64-debian-clang | 0.0-0 | 14.59 | 22.84 | 37.43 | NOTE | |
r-devel-linux-x86_64-debian-gcc | 0.0-0 | 10.67 | 17.68 | 28.35 | NOTE | |
r-devel-linux-x86_64-fedora-clang | 0.0-0 | 64.80 | NOTE | |||
r-devel-linux-x86_64-fedora-gcc | 0.0-0 | 67.42 | NOTE | |||
r-devel-windows-x86_64 | 0.0-0 | 16.00 | 58.00 | 74.00 | NOTE | |
r-patched-linux-x86_64 | 0.0-0 | 13.21 | 22.27 | 35.48 | NOTE | |
r-release-linux-x86_64 | 0.0-0 | 14.56 | 21.90 | 36.46 | NOTE | |
r-release-macos-arm64 | 0.0-0 | 22.00 | NOTE | |||
r-release-macos-x86_64 | 0.0-0 | 34.00 | NOTE | |||
r-release-windows-x86_64 | 0.0-0 | 17.00 | 60.00 | 77.00 | NOTE | |
r-oldrel-macos-arm64 | 0.0-0 | 25.00 | OK | |||
r-oldrel-macos-x86_64 | 0.0-0 | 36.00 | OK | |||
r-oldrel-windows-x86_64 | 0.0-0 | 18.00 | 66.00 | 84.00 | OK |
Version: 0.0-0
Check: Rd files
Result: NOTE
checkRd: (-1) reg_1d.Rd:42: Lost braces; missing escapes or markup?
42 | \item Metric input is not in {1,2,3}: Metric does not exist
| ^
checkRd: (-1) reg_2d.Rd:33: Lost braces; missing escapes or markup?
33 | \item Metric input is not in {1,2,3}: Metric does not exist
| ^
Flavors: r-devel-linux-x86_64-debian-clang, r-devel-linux-x86_64-debian-gcc, r-devel-linux-x86_64-fedora-clang, r-devel-linux-x86_64-fedora-gcc, r-devel-windows-x86_64, r-patched-linux-x86_64, r-release-linux-x86_64, r-release-macos-arm64, r-release-macos-x86_64, r-release-windows-x86_64