Last updated on 2024-08-07 00:49:31 CEST.
Flavor | Version | Tinstall | Tcheck | Ttotal | Status | Flags |
---|---|---|---|---|---|---|
r-devel-linux-x86_64-debian-clang | 1.4 | 87.61 | 76.65 | 164.26 | OK | |
r-devel-linux-x86_64-debian-gcc | 1.4 | 56.57 | 58.60 | 115.17 | OK | |
r-devel-linux-x86_64-fedora-clang | 1.4 | 315.72 | OK | |||
r-devel-linux-x86_64-fedora-gcc | 1.4 | 317.90 | OK | |||
r-devel-windows-x86_64 | 1.4 | 95.00 | 103.00 | 198.00 | OK | |
r-patched-linux-x86_64 | 1.4 | 79.37 | 75.71 | 155.08 | OK | |
r-release-linux-x86_64 | 1.4 | 81.44 | 75.40 | 156.84 | OK | |
r-release-macos-arm64 | 1.4 | 69.00 | NOTE | |||
r-release-macos-x86_64 | 1.4 | 85.00 | NOTE | |||
r-release-windows-x86_64 | 1.4 | 98.00 | 106.00 | 204.00 | OK | |
r-oldrel-macos-arm64 | 1.4 | 85.00 | NOTE | |||
r-oldrel-macos-x86_64 | 1.4 | 98.00 | NOTE | |||
r-oldrel-windows-x86_64 | 1.4 | 112.00 | 125.00 | 237.00 | OK |
Version: 1.4
Check: installed package size
Result: NOTE
installed size is 5.0Mb
sub-directories of 1Mb or more:
libs 4.3Mb
Flavors: r-release-macos-arm64, r-release-macos-x86_64, r-oldrel-macos-arm64, r-oldrel-macos-x86_64