Last updated on 2024-08-07 00:49:31 CEST.
Flavor | Version | Tinstall | Tcheck | Ttotal | Status | Flags |
---|---|---|---|---|---|---|
r-devel-linux-x86_64-debian-clang | 1.2.0 | 2.94 | 39.40 | 42.34 | NOTE | |
r-devel-linux-x86_64-debian-gcc | 1.2.0 | 2.22 | 30.32 | 32.54 | NOTE | |
r-devel-linux-x86_64-fedora-clang | 1.2.0 | 67.88 | OK | |||
r-devel-linux-x86_64-fedora-gcc | 1.2.0 | 65.34 | OK | |||
r-devel-windows-x86_64 | 1.2.0 | 4.00 | 67.00 | 71.00 | NOTE | |
r-patched-linux-x86_64 | 1.2.0 | 5.89 | 37.75 | 43.64 | OK | |
r-release-linux-x86_64 | 1.2.0 | 2.79 | 37.22 | 40.01 | OK | |
r-release-macos-arm64 | 1.2.0 | 26.00 | OK | |||
r-release-macos-x86_64 | 1.2.0 | 39.00 | OK | |||
r-release-windows-x86_64 | 1.2.0 | 5.00 | 67.00 | 72.00 | OK | |
r-oldrel-macos-arm64 | 1.2.0 | 29.00 | OK | |||
r-oldrel-macos-x86_64 | 1.2.0 | 40.00 | OK | |||
r-oldrel-windows-x86_64 | 1.2.0 | 5.00 | 72.00 | 77.00 | OK |
Version: 1.2.0
Check: Rd cross-references
Result: NOTE
Found the following Rd file(s) with Rd \link{} targets missing package
anchors:
VSURF.Rd: randomForest
VSURF_interp.Rd: randomForest
VSURF_pred.Rd: randomForest
VSURF_thres.Rd: randomForest
predict.VSURF.Rd: randomForest, predict.randomForest
Please provide package anchors for all Rd \link{} targets not in the
package itself and the base packages.
Flavors: r-devel-linux-x86_64-debian-clang, r-devel-linux-x86_64-debian-gcc, r-devel-windows-x86_64