Last updated on 2024-08-07 00:49:31 CEST.
Flavor | Version | Tinstall | Tcheck | Ttotal | Status | Flags |
---|---|---|---|---|---|---|
r-devel-linux-x86_64-debian-clang | 1.0 | 53.19 | 25.85 | 79.04 | NOTE | |
r-devel-linux-x86_64-debian-gcc | 1.0 | 33.56 | 19.69 | 53.25 | NOTE | |
r-devel-linux-x86_64-fedora-clang | 1.0 | 166.74 | NOTE | |||
r-devel-linux-x86_64-fedora-gcc | 1.0 | 159.38 | NOTE | |||
r-devel-windows-x86_64 | 1.0 | 62.00 | 64.00 | 126.00 | NOTE | |
r-patched-linux-x86_64 | 1.0 | 48.28 | 24.73 | 73.01 | NOTE | |
r-release-linux-x86_64 | 1.0 | 45.72 | 25.05 | 70.77 | NOTE | |
r-release-macos-arm64 | 1.0 | 37.00 | NOTE | |||
r-release-macos-x86_64 | 1.0 | 41.00 | NOTE | |||
r-release-windows-x86_64 | 1.0 | 60.00 | 65.00 | 125.00 | NOTE | |
r-oldrel-macos-arm64 | 1.0 | 44.00 | NOTE | |||
r-oldrel-macos-x86_64 | 1.0 | 72.00 | NOTE | |||
r-oldrel-windows-x86_64 | 1.0 | 72.00 | 73.00 | 145.00 | NOTE |
Version: 1.0
Check: C++ specification
Result: NOTE
Specified C++11: please drop specification unless essential
Flavors: r-devel-linux-x86_64-debian-clang, r-devel-linux-x86_64-debian-gcc, r-devel-linux-x86_64-fedora-clang, r-devel-linux-x86_64-fedora-gcc, r-devel-windows-x86_64, r-patched-linux-x86_64, r-release-linux-x86_64, r-release-macos-arm64, r-release-macos-x86_64, r-release-windows-x86_64, r-oldrel-macos-arm64, r-oldrel-macos-x86_64, r-oldrel-windows-x86_64