Last updated on 2024-08-07 00:49:31 CEST.
Flavor | Version | Tinstall | Tcheck | Ttotal | Status | Flags |
---|---|---|---|---|---|---|
r-devel-linux-x86_64-debian-clang | 1.72-5 | 60.72 | 359.09 | 419.81 | NOTE | |
r-devel-linux-x86_64-debian-gcc | 1.72-5 | 43.12 | 242.89 | 286.01 | NOTE | |
r-devel-linux-x86_64-fedora-clang | 1.72-5 | 688.14 | OK | |||
r-devel-linux-x86_64-fedora-gcc | 1.72-5 | 642.61 | OK | |||
r-devel-windows-x86_64 | 1.72-5 | 65.00 | 391.00 | 456.00 | NOTE | |
r-patched-linux-x86_64 | 1.72-5 | 76.47 | 341.27 | 417.74 | OK | |
r-release-linux-x86_64 | 1.72-5 | 60.76 | 340.43 | 401.19 | OK | |
r-release-macos-arm64 | 1.72-5 | 173.00 | NOTE | |||
r-release-macos-x86_64 | 1.72-5 | 299.00 | NOTE | |||
r-release-windows-x86_64 | 1.72-5 | 67.00 | 385.00 | 452.00 | OK | |
r-oldrel-macos-arm64 | 1.72-5 | 167.00 | NOTE | |||
r-oldrel-macos-x86_64 | 1.72-5 | 355.00 | NOTE | |||
r-oldrel-windows-x86_64 | 1.72-5 | 90.00 | 484.00 | 574.00 | OK |
Version: 1.72-5
Check: Rd cross-references
Result: NOTE
Found the following Rd file(s) with Rd \link{} targets missing package
anchors:
consensusCalculation.Rd: normalize.quantiles
empiricalBayesLM.Rd: rlm
Please provide package anchors for all Rd \link{} targets not in the
package itself and the base packages.
Flavors: r-devel-linux-x86_64-debian-clang, r-devel-linux-x86_64-debian-gcc, r-devel-windows-x86_64
Version: 1.72-5
Check: package dependencies
Result: NOTE
Package suggested but not available for checking: ‘org.Mm.eg.db’
Flavors: r-release-macos-arm64, r-oldrel-macos-x86_64
Version: 1.72-5
Check: installed package size
Result: NOTE
installed size is 5.2Mb
sub-directories of 1Mb or more:
R 2.0Mb
libs 1.5Mb
Flavors: r-release-macos-arm64, r-release-macos-x86_64, r-oldrel-macos-arm64, r-oldrel-macos-x86_64