Last updated on 2024-08-07 00:49:10 CEST.
Flavor | Version | Tinstall | Tcheck | Ttotal | Status | Flags |
---|---|---|---|---|---|---|
r-devel-linux-x86_64-debian-clang | 0.4.0 | 371.55 | 33.16 | 404.71 | NOTE | |
r-devel-linux-x86_64-debian-gcc | 0.4.0 | 278.63 | 25.41 | 304.04 | NOTE | |
r-devel-linux-x86_64-fedora-clang | 0.4.0 | 752.20 | NOTE | |||
r-devel-linux-x86_64-fedora-gcc | 0.4.0 | 950.10 | NOTE | |||
r-devel-windows-x86_64 | 0.4.0 | 389.00 | 90.00 | 479.00 | NOTE | |
r-patched-linux-x86_64 | 0.4.0 | 376.28 | 31.61 | 407.89 | NOTE | |
r-release-linux-x86_64 | 0.4.0 | 375.88 | 32.19 | 408.07 | NOTE | |
r-release-macos-arm64 | 0.4.0 | 185.00 | NOTE | |||
r-release-macos-x86_64 | 0.4.0 | 130.00 | NOTE | |||
r-release-windows-x86_64 | 0.4.0 | 393.00 | 85.00 | 478.00 | NOTE | |
r-oldrel-macos-arm64 | 0.4.0 | 226.00 | NOTE | |||
r-oldrel-macos-x86_64 | 0.4.0 | 408.00 | NOTE | |||
r-oldrel-windows-x86_64 | 0.4.0 | 460.00 | 101.00 | 561.00 | NOTE |
Version: 0.4.0
Check: C++ specification
Result: NOTE
Specified C++11: please drop specification unless essential
Flavors: r-devel-linux-x86_64-debian-clang, r-devel-linux-x86_64-debian-gcc, r-devel-linux-x86_64-fedora-clang, r-devel-linux-x86_64-fedora-gcc, r-devel-windows-x86_64, r-patched-linux-x86_64, r-release-linux-x86_64, r-release-macos-arm64, r-release-macos-x86_64, r-release-windows-x86_64, r-oldrel-macos-arm64, r-oldrel-macos-x86_64, r-oldrel-windows-x86_64
Version: 0.4.0
Check: Rd files
Result: NOTE
checkRd: (-1) abclass.Rd:133: Lost braces; missing escapes or markup?
133 | \code{abclass.control()} returns an object of class {abclass.control}
| ^
checkRd: (-1) supclass.Rd:109: Lost braces; missing escapes or markup?
109 | to solve the equivalent linear programming problem via the package {Rglpk}.
| ^
checkRd: (-1) supclass.Rd:110: Lost braces; missing escapes or markup?
110 | It is recommended to use a recent version of {GLPK}.
| ^
Flavors: r-devel-linux-x86_64-debian-clang, r-devel-linux-x86_64-debian-gcc, r-devel-linux-x86_64-fedora-clang, r-devel-linux-x86_64-fedora-gcc, r-devel-windows-x86_64, r-patched-linux-x86_64, r-release-linux-x86_64, r-release-macos-arm64, r-release-macos-x86_64, r-release-windows-x86_64
Version: 0.4.0
Check: installed package size
Result: NOTE
installed size is 29.7Mb
sub-directories of 1Mb or more:
libs 29.2Mb
Flavors: r-release-macos-arm64, r-release-macos-x86_64, r-oldrel-macos-arm64, r-oldrel-macos-x86_64