Last updated on 2024-08-07 00:49:11 CEST.
Flavor | Version | Tinstall | Tcheck | Ttotal | Status | Flags |
---|---|---|---|---|---|---|
r-devel-linux-x86_64-debian-clang | 0.13.0 | 53.34 | 18.70 | 72.04 | OK | |
r-devel-linux-x86_64-debian-gcc | 0.13.0 | 35.87 | 15.74 | 51.61 | OK | |
r-devel-linux-x86_64-fedora-clang | 0.13.0 | 108.17 | OK | |||
r-devel-linux-x86_64-fedora-gcc | 0.13.0 | 141.77 | OK | |||
r-devel-windows-x86_64 | 0.13.0 | 64.00 | 67.00 | 131.00 | OK | |
r-patched-linux-x86_64 | 0.13.0 | 47.75 | 18.33 | 66.08 | OK | |
r-release-linux-x86_64 | 0.13.0 | 49.89 | 18.09 | 67.98 | OK | |
r-release-macos-arm64 | 0.13.0 | 41.00 | NOTE | |||
r-release-macos-x86_64 | 0.13.0 | 62.00 | NOTE | |||
r-release-windows-x86_64 | 0.13.0 | 63.00 | 68.00 | 131.00 | OK | |
r-oldrel-macos-arm64 | 0.13.0 | 53.00 | NOTE | |||
r-oldrel-macos-x86_64 | 0.13.0 | 69.00 | NOTE | |||
r-oldrel-windows-x86_64 | 0.13.0 | 79.00 | 73.00 | 152.00 | OK |
Version: 0.13.0
Check: installed package size
Result: NOTE
installed size is 13.6Mb
sub-directories of 1Mb or more:
libs 13.5Mb
Flavors: r-release-macos-arm64, r-release-macos-x86_64, r-oldrel-macos-arm64, r-oldrel-macos-x86_64