Last updated on 2024-08-07 00:49:11 CEST.
Flavor | Version | Tinstall | Tcheck | Ttotal | Status | Flags |
---|---|---|---|---|---|---|
r-devel-linux-x86_64-debian-clang | 0.4.21 | 11.69 | 81.13 | 92.82 | NOTE | |
r-devel-linux-x86_64-debian-gcc | 0.4.21 | 8.95 | 58.48 | 67.43 | NOTE | |
r-devel-linux-x86_64-fedora-clang | 0.4.21 | 154.30 | OK | |||
r-devel-linux-x86_64-fedora-gcc | 0.4.21 | 158.48 | OK | |||
r-devel-windows-x86_64 | 0.4.21 | 15.00 | 114.00 | 129.00 | NOTE | |
r-patched-linux-x86_64 | 0.4.21 | 12.31 | 77.69 | 90.00 | OK | |
r-release-linux-x86_64 | 0.4.21 | 12.81 | 77.63 | 90.44 | OK | |
r-release-macos-arm64 | 0.4.21 | 53.00 | OK | |||
r-release-macos-x86_64 | 0.4.21 | 115.00 | OK | |||
r-release-windows-x86_64 | 0.4.21 | 15.00 | 114.00 | 129.00 | OK | |
r-oldrel-macos-arm64 | 0.4.21 | 58.00 | OK | |||
r-oldrel-macos-x86_64 | 0.4.21 | 103.00 | OK | |||
r-oldrel-windows-x86_64 | 0.4.21 | 20.00 | 120.00 | 140.00 | OK |
Version: 0.4.21
Check: Rd cross-references
Result: NOTE
Found the following Rd file(s) with Rd \link{} targets missing package
anchors:
BRB.Rd: infolocs, as.ltraj
estUD-class.Rd: SpatialPixelsDataFrame-class
kernelbb.Rd: as.ltraj
kernelkc.Rd: as.ltraj
Please provide package anchors for all Rd \link{} targets not in the
package itself and the base packages.
Flavors: r-devel-linux-x86_64-debian-clang, r-devel-linux-x86_64-debian-gcc, r-devel-windows-x86_64