Last updated on 2024-08-07 00:49:11 CEST.
Flavor | Version | Tinstall | Tcheck | Ttotal | Status | Flags |
---|---|---|---|---|---|---|
r-devel-linux-x86_64-debian-clang | 1.2 | 11.12 | 304.88 | 316.00 | NOTE | |
r-devel-linux-x86_64-debian-gcc | 1.2 | 8.72 | 296.92 | 305.64 | NOTE | |
r-devel-linux-x86_64-fedora-clang | 1.2 | 542.42 | NOTE | |||
r-devel-linux-x86_64-fedora-gcc | 1.2 | 520.27 | NOTE | |||
r-devel-windows-x86_64 | 1.2 | 13.00 | 131.00 | 144.00 | NOTE | --no-vignettes |
r-patched-linux-x86_64 | 1.2 | 11.74 | 326.95 | 338.69 | NOTE | |
r-release-linux-x86_64 | 1.2 | 11.04 | 330.88 | 341.92 | NOTE | |
r-release-macos-arm64 | 1.2 | 163.00 | NOTE | |||
r-release-macos-x86_64 | 1.2 | 252.00 | NOTE | |||
r-release-windows-x86_64 | 1.2 | 14.00 | 129.00 | 143.00 | NOTE | --no-vignettes |
r-oldrel-macos-arm64 | 1.2 | 179.00 | NOTE | |||
r-oldrel-macos-x86_64 | 1.2 | 288.00 | NOTE | |||
r-oldrel-windows-x86_64 | 1.2 | 17.00 | 140.00 | 157.00 | NOTE | --no-vignettes |
Version: 1.2
Check: LazyData
Result: NOTE
'LazyData' is specified without a 'data' directory
Flavors: r-devel-linux-x86_64-debian-clang, r-devel-linux-x86_64-debian-gcc, r-devel-linux-x86_64-fedora-clang, r-devel-linux-x86_64-fedora-gcc, r-patched-linux-x86_64, r-release-linux-x86_64, r-release-macos-arm64, r-release-macos-x86_64, r-oldrel-macos-arm64, r-oldrel-macos-x86_64
Version: 1.2
Check: installed package size
Result: NOTE
installed size is 5.1Mb
sub-directories of 1Mb or more:
doc 4.7Mb
Flavors: r-devel-linux-x86_64-fedora-clang, r-release-macos-arm64, r-release-macos-x86_64, r-oldrel-macos-arm64, r-oldrel-macos-x86_64
Version: 1.2
Flags: --no-vignettes
Check: installed package size
Result: NOTE
installed size is 5.1Mb
sub-directories of 1Mb or more:
doc 4.7Mb
Flavors: r-devel-windows-x86_64, r-release-windows-x86_64, r-oldrel-windows-x86_64
Version: 1.2
Flags: --no-vignettes
Check: LazyData
Result: NOTE
'LazyData' is specified without a 'data' directory
Flavors: r-devel-windows-x86_64, r-release-windows-x86_64, r-oldrel-windows-x86_64