Last updated on 2024-08-07 00:49:11 CEST.
Flavor | Version | Tinstall | Tcheck | Ttotal | Status | Flags |
---|---|---|---|---|---|---|
r-devel-linux-x86_64-debian-clang | 0.6.9 | 31.83 | 164.85 | 196.68 | OK | |
r-devel-linux-x86_64-debian-gcc | 0.6.9 | 22.20 | 120.37 | 142.57 | OK | |
r-devel-linux-x86_64-fedora-clang | 0.6.9 | 329.28 | OK | |||
r-devel-linux-x86_64-fedora-gcc | 0.6.9 | 332.71 | OK | |||
r-devel-windows-x86_64 | 0.6.9 | 36.00 | 179.00 | 215.00 | OK | |
r-patched-linux-x86_64 | 0.6.9 | 31.73 | 159.29 | 191.02 | OK | |
r-release-linux-x86_64 | 0.6.9 | 31.22 | 159.31 | 190.53 | OK | |
r-release-macos-arm64 | 0.6.9 | 96.00 | OK | |||
r-release-macos-x86_64 | 0.6.9 | 144.00 | OK | |||
r-release-windows-x86_64 | 0.6.9 | 37.00 | 179.00 | 216.00 | OK | |
r-oldrel-macos-arm64 | 0.6.9 | 80.00 | NOTE | |||
r-oldrel-macos-x86_64 | 0.6.9 | 166.00 | NOTE | |||
r-oldrel-windows-x86_64 | 0.6.9 | 45.00 | 227.00 | 272.00 | OK |
Version: 0.6.9
Check: package dependencies
Result: NOTE
Packages suggested but not available for checking: 'HiTC', 'snpStats'
Flavor: r-oldrel-macos-arm64
Version: 0.6.9
Check: Rd cross-references
Result: NOTE
Package unavailable to check Rd xrefs: ‘snpStats’
Flavor: r-oldrel-macos-arm64
Version: 0.6.9
Check: package dependencies
Result: NOTE
Package suggested but not available for checking: ‘HiTC’
Flavor: r-oldrel-macos-x86_64