Last updated on 2024-08-07 00:49:11 CEST.
Flavor | Version | Tinstall | Tcheck | Ttotal | Status | Flags |
---|---|---|---|---|---|---|
r-devel-linux-x86_64-debian-clang | 0.11.2 | 13.17 | 439.60 | 452.77 | OK | |
r-devel-linux-x86_64-debian-gcc | 0.11.2 | 7.57 | 292.39 | 299.96 | OK | |
r-devel-linux-x86_64-fedora-clang | 0.11.2 | 773.87 | NOTE | |||
r-devel-linux-x86_64-fedora-gcc | 0.11.2 | 715.66 | OK | |||
r-devel-windows-x86_64 | 0.11.2 | 13.00 | 451.00 | 464.00 | OK | |
r-patched-linux-x86_64 | 0.11.2 | 13.05 | 426.12 | 439.17 | OK | |
r-release-linux-x86_64 | 0.11.2 | 11.63 | 426.85 | 438.48 | OK | |
r-release-macos-arm64 | 0.11.2 | 200.00 | OK | |||
r-release-macos-x86_64 | 0.11.2 | 627.00 | OK | |||
r-release-windows-x86_64 | 0.11.2 | 16.00 | 450.00 | 466.00 | OK | |
r-oldrel-macos-arm64 | 0.11.2 | 238.00 | OK | |||
r-oldrel-macos-x86_64 | 0.11.2 | 489.00 | OK | |||
r-oldrel-windows-x86_64 | 0.11.2 | 21.00 | 504.00 | 525.00 | OK |
Version: 0.11.2
Check: Rd cross-references
Result: NOTE
Undeclared packages ‘timereg’, ‘rms’, ‘ranger’ in Rd xrefs
Flavor: r-devel-linux-x86_64-fedora-clang